{"id":109,"date":"2013-09-13T20:19:19","date_gmt":"2013-09-13T20:19:19","guid":{"rendered":"http:\/\/tim.univ-bpclermont.fr\/apadua\/?page_id=109"},"modified":"2022-02-15T15:45:46","modified_gmt":"2022-02-15T14:45:46","slug":"books-chapters-etc","status":"publish","type":"page","link":"https:\/\/perso.ens-lyon.fr\/agilio.padua\/publications\/books-chapters-etc\/","title":{"rendered":"Books, Chapters, etc."},"content":{"rendered":"<h2>Chapters in Books<\/h2>\n<ol reversed=\"\" start=\"6\">\n<li>A.A.H. Padua,<br \/>\nAll-Atom Models of Ionic Liquids,<br \/>\nin: <em>Encyclpaedia of Ionic Liquids<\/em>, S. Zhang (ed.), Springer, Singapore (<strong>2020<\/strong>), DOI: <a href=\"http:\/\/doi.org\/10.1007\/978-981-10-6739-6_61-1\">10.1007\/978-981-10-6739-6_61-1<\/a><\/li>\n<li>J.N. Canongia Lopes, M.F. Costa Gomes, A.A.H. Padua,<br \/>\nMolecular modeling of ionic liquids,<br \/>\nCh. 5 in: <em>Ionic Liquids Completely UnCOILed: Critical Expert Overviews<\/em>, N.V. Plechkova, K.R. Seddon (eds.), Wiley (<strong>2015<\/strong>) 83-106, DOI: <a href=\"http:\/\/dx.doi.org\/10.1002\/9781118840061.ch5\">10.1002\/9781118840061.ch5<\/a><\/li>\n<li>A.A.H. Padua, D. Tomida, C. Yokohama, E.H. Abramson, R.F. Berg, E.F. May, M.R. Moldover, A. Laesecke,<br \/>\nViscometers,<br \/>\nCh. 4 in: <em>Experimental Thermodynamics Volume IX: Advances in Transport Properties of Fluids<\/em>, M.J. Assael, A.R.H. Goodwin, V. Vesovic, W.A. Wakeham (eds.), Royal Society of Chemistry (<strong>2014<\/strong>) 96-131, DOI: <a href=\"http:\/\/dx.doi.org\/10.1039\/9781782625254-00096\">10.1039\/9781782625254-00096<\/a><\/li>\n<li>M.F. Costa Gomes, A.A.H. Padua,<br \/>\nSolubility and molecular modelling,<br \/>\nCh. 10 in <em>Developments and Applications in Solubility<\/em>, T. Letcher (ed.), Royal Society of Chemistry (<strong>2007<\/strong>), 153-170, DOI: <a href=\"http:\/\/dx.doi.org\/10.1039\/9781847557681-00151\">10.1039\/9781847557681-00151<\/a><\/li>\n<li>A.A.H. Padua,<br \/>\nIntroduction au dimensionnement,<br \/>\nCh. 2 in: <em>Mat\u00e9riaux et joints d\u2019\u00e9tanch\u00e9it\u00e9 pour les hautes pressions<\/em>, P. Boissinot, P. Langlois, A.A.H. P\u00e1dua (eds.), Publications de l\u2019Universit\u00e9 de Saint-Etienne, pp 17\u201325 (<strong>2004<\/strong>).<\/li>\n<li>V. Majer, A.A.H. Padua,<br \/>\nMeasurement of density using vibrating bodies,<br \/>\nCh. 5 in: <em>IUPAC Experimental Thermodynamics Vol. VI: Measurement of the Thermodynamic Properties of Single Phases<\/em>, A.R.H. Goodwin, K.N. Marsh, W.A. Wakeham (eds.), Elsevier (<strong>2003<\/strong>).<\/li>\n<\/ol>\n<h2>Books Edited<\/h2>\n<ol reversed=\"\" start=\"1\">\n<li>P. Boissinot, P. Langlois, A.A.H. Padua (eds.),<br \/>\n<em>Mat\u00e9riaux et joints d\u2019\u00e9tanch\u00e9it\u00e9 pour les hautes pressions<\/em>, Publications de l\u2019Universit\u00e9 de Saint-Etienne (<strong>2004<\/strong>).<\/li>\n<\/ol>\n<h2>Papers in Conference Proceedings<\/h2>\n<ol reversed=\"\" start=\"6\">\n<li><span style=\"text-decoration: underline;\">P.B. S\u00e1nchez<\/span>, A.A.H. P\u00e1dua, S. Tsubaki, Y. Wada, Effect of electromagnetic waves on cellulose dissolution in ionic liquids, <em>Proc. Conf. on Biomass Sci.<\/em>, Japan, 16-17 Jan <strong>2019<\/strong>, vol. 14, pp 121-122, DOI: <a href=\"http:\/\/doi.org\/10.20550\/jiebiomassronbun.14.0_121\">10.20550\/jiebiomassronbun.14.0_121<\/a><\/li>\n<li>M.R. Curr\u00e1s, M.F. Costa Gomes, P. Husson, A.A.H. P\u00e1dua, J. Garcia,<br \/>\nEvaluation of 1-butyl-3-methylimidazolium bis(trifluoromethylsulfonyl)amide ionic liquids as novel absorbent of 2,2,2-trifluoroethanol or ethanol refrigerants, <em>Proc. 23rd IIR Int. Congress of Refrigeration<\/em>, Prague, Czech Republic, 20-26 August <strong>2011<\/strong>, vol. 23, pp 3717-3733.<\/li>\n<li>S. Sarraute, M.F. Costa Gomes, A.A.H. P\u00e1dua,<br \/>\nConductivity and viscosity of binary mixtures of ionic liquids and organic solvents,<br \/>\n<em>Proc. EQUIFASE 2009 \u2014 VIII Iberoamerican Conf. on Phase Equil. and Fluid Prop. for Proc. Design<\/em>, Praia da Rocha, Algarve, Portugal, 17\u201321 October <strong>2009<\/strong>.<\/li>\n<li>S. Sarraute, M.F. Costa Gomes, A.A.H. P\u00e1dua,<br \/>\nDiffusion coefficients of ionic liquids in water: anion and cation size effects,<br \/>\n<em>Proc. 23rd European Symp. on Applied Thermodyn.<\/em>, Cannes, France, 29\u201331 May <strong>2008<\/strong>, pp 907\u2013910.<\/li>\n<li>A.S. Pensado, A.A.H. P\u00e1dua, M.J.P. Comu\u00f1as, J. Fern\u00e1ndez,<br \/>\nViscous flow properties of ester lubricants and squalane,<br \/>\n<em>Proc. EQUIFASE 2006 \u2014 VII Iberoamerican Conf. on Phase Equil. and Fluid Prop. for Proc. Design<\/em>, Morelia, Mexico, 21\u201325 October <strong>2006<\/strong>, pp 458\u2013470.<\/li>\n<li>A.A.H. P\u00e1dua, F. Audonnet,<br \/>\nMesure simultan\u00e9e de la viscosit\u00e9 et de la masse volumique de fluides par la m\u00e9thode du fil vibrant \u00e0 haute temp\u00e9rature et haute pression,<br \/>\n<em>Proc. 3 Forum Technol. Hautes Pressions<\/em>, Collonges-la-Rouge, France, 27\u201331 May <strong>2002<\/strong>, pp 199-208.<\/li>\n<\/ol>\n<h2>Outreach<\/h2>\n<ol reversed=\"\" start=\"1\">\n<li>A.A.H. P\u00e1dua,<br \/>\nLa communication de la science.<br \/>\nRound table on \u201c<em>Communication: les nouvelles technologies<\/em>\u201d, Centre Culturel Calouste Gulbenkian, Paris, 26 April 2000.<br \/>\n<em>Archives du Centre Culturel Calouste Gulbenkian<\/em> XLI (<strong>2001<\/strong>) pp 131-145.<\/li>\n<\/ol>\n<h2>Editorials<\/h2>\n<ol reversed=\"\" start=\"5\">\n<li>W.A. Acree, R.D. Weir, A.A.H. P\u00e1dua*,<br \/>\nEditorial,<br \/>\n<em>J. Chem. Thermodyn.<\/em> 105 (2017) A1. DOI: <a href=\"http:\/\/dx.doi.org\/10.1016\/j.jct.2016.11.015\">10.1016\/j.jct.2016.11.015<\/a><\/li>\n<li>L.P.N. Rebelo, J.N. Canongia Lopes, J.M.S.S. Esperan\u00e7a, A.A.H P\u00e1dua,<br \/>\nEditorial to the special section on the 5th Congress on ionic liquids (COIL-5), 2013, Algarve, Portugal,<br \/>\n<em>J. Chem. Thermodyn.<\/em> 77 (2014) 178. DOI: <a href=\"http:\/\/dx.doi.org\/10.1016\/j.jct.2014.07.008\">10.1016\/j.jct.2014.07.008<\/a><\/li>\n<li>R.D. Chirico, M. Frenkel, J.W. Magee, V. Diky, C.D. Muzny, A.F. Kazakov, et al.,<br \/>\nImprovement of Quality in Publication of Experimental Thermophysical Property Data: Challenges, Assessment Tools, Global Implementation, and Online Support,<br \/>\n<em>J. Chem. Eng. Data<\/em> 58 (2013) 2699\u20132716. DOI: <a href=\"http:\/\/dx.doi.org\/10.1021\/je400569s\">10.1021\/je400569s<\/a><\/li>\n<li>R.D. Weir, J.P.M. Trusler, A. Padua,<br \/>\nNew procedures for articles reporting thermophysical properties,<br \/>\n<em>J. Chem. Thermodyn.<\/em> 43 (2011) 1305. DOI: <a href=\"http:\/\/dx.doi.org\/10.1016\/j.jct.2011.05.019\">10.1016\/j.jct.2011.05.019<\/a><\/li>\n<li>A. P\u00e1dua,<br \/>\nJoint statement of editors of journals publishing thermophysical property data,<br \/>\n<em>J. Chem. Thermodyn.<\/em> 41 (2009) 575-576. DOI <a href=\"http:\/\/dx.doi.org\/10.1016\/j.jct.2008.12.023\">10.1016\/j.jct.2008.12.023<\/a><\/li>\n<\/ol>\n","protected":false},"excerpt":{"rendered":"<p>Chapters in Books A.A.H. Padua, All-Atom Models of Ionic Liquids, in: Encyclpaedia of Ionic Liquids, S. Zhang (ed.), Springer, Singapore (2020), DOI: 10.1007\/978-981-10-6739-6_61-1 J.N. Canongia Lopes, M.F. Costa Gomes, A.A.H. Padua, Molecular modeling of ionic liquids, Ch. 5 in: Ionic Liquids Completely UnCOILed: Critical Expert Overviews, N.V. Plechkova, K.R. Seddon (eds.), Wiley (2015) 83-106, DOI: &hellip; <\/p>\n<p class=\"link-more\"><a href=\"https:\/\/perso.ens-lyon.fr\/agilio.padua\/publications\/books-chapters-etc\/\" class=\"more-link\">Continue reading<span class=\"screen-reader-text\"> &#8220;Books, Chapters, etc.&#8221;<\/span><\/a><\/p>\n","protected":false},"author":1,"featured_media":0,"parent":104,"menu_order":1,"comment_status":"closed","ping_status":"closed","template":"","meta":{"footnotes":""},"class_list":["post-109","page","type-page","status-publish","hentry"],"_links":{"self":[{"href":"https:\/\/perso.ens-lyon.fr\/agilio.padua\/wp-json\/wp\/v2\/pages\/109","targetHints":{"allow":["GET"]}}],"collection":[{"href":"https:\/\/perso.ens-lyon.fr\/agilio.padua\/wp-json\/wp\/v2\/pages"}],"about":[{"href":"https:\/\/perso.ens-lyon.fr\/agilio.padua\/wp-json\/wp\/v2\/types\/page"}],"author":[{"embeddable":true,"href":"https:\/\/perso.ens-lyon.fr\/agilio.padua\/wp-json\/wp\/v2\/users\/1"}],"replies":[{"embeddable":true,"href":"https:\/\/perso.ens-lyon.fr\/agilio.padua\/wp-json\/wp\/v2\/comments?post=109"}],"version-history":[{"count":43,"href":"https:\/\/perso.ens-lyon.fr\/agilio.padua\/wp-json\/wp\/v2\/pages\/109\/revisions"}],"predecessor-version":[{"id":1963,"href":"https:\/\/perso.ens-lyon.fr\/agilio.padua\/wp-json\/wp\/v2\/pages\/109\/revisions\/1963"}],"up":[{"embeddable":true,"href":"https:\/\/perso.ens-lyon.fr\/agilio.padua\/wp-json\/wp\/v2\/pages\/104"}],"wp:attachment":[{"href":"https:\/\/perso.ens-lyon.fr\/agilio.padua\/wp-json\/wp\/v2\/media?parent=109"}],"curies":[{"name":"wp","href":"https:\/\/api.w.org\/{rel}","templated":true}]}}