{"id":2,"date":"2018-11-13T12:51:12","date_gmt":"2018-11-13T11:51:12","guid":{"rendered":"http:\/\/perso.ens-lyon.fr\/carine.michel\/?page_id=2"},"modified":"2023-12-14T17:09:22","modified_gmt":"2023-12-14T16:09:22","slug":"enseignements","status":"publish","type":"page","link":"https:\/\/perso.ens-lyon.fr\/carine.michel\/enseignements\/","title":{"rendered":"Teaching"},"content":{"rendered":"<p><strong>Winter School Themosia 2024 : <\/strong><\/p>\n<p>Investigating a Michael addition&#8230;<br \/>\n<a href=\"https:\/\/perso.ens-lyon.fr\/carine.michel\/enseignements\/winter-school-exploring-reactions\/\">Using static methods<\/a><br \/>\n<a href=\"https:\/\/perso.ens-lyon.fr\/carine.michel\/enseignements\/winter-school-exploring-reactions-using-metadynamics\/\">Using metadynamics<\/a><\/p>\n<p><strong><a href=\"https:\/\/theoemie.sciencesconf.org\/\">Ecole d&rsquo;\u00e9t\u00e9<\/a> du <\/strong><a href=\"https:\/\/www.lcar.ups-tlse.fr\/emie\/\"><strong>GDR EMIE 2023: <\/strong><\/a><\/p>\n<p><a href=\"https:\/\/perso.ens-lyon.fr\/carine.michel\/enseignements\/summer-school-emie-part-1\/\">Part 1<\/a><\/p>\n<p><a href=\"https:\/\/perso.ens-lyon.fr\/carine.michel\/enseignements\/summer-school-emie-part-2\/\">Part 2<\/a>.<\/p>\n<p>&nbsp;<\/p>\n<p><strong>L3 TP de mod\u00e9lisation<\/strong><\/p>\n<p><a href=\"http:\/\/perso.ens-lyon.fr\/carine.michel\/enseignements\/tp-l3-seance-1\/\">S\u00e9ance 1<\/a><\/p>\n<p><a href=\"http:\/\/perso.ens-lyon.fr\/carine.michel\/enseignements\/tp-l3-seance-2\/\">S\u00e9ance 2<\/a><\/p>\n<p><a href=\"http:\/\/perso.ens-lyon.fr\/carine.michel\/enseignements\/tp-l3-seance-3\/\">S\u00e9ance 3<\/a><\/p>\n<div class=\"page\" title=\"Page 1\">\n<div class=\"section\">\n<div class=\"page\" title=\"Page 1\">\n<div class=\"section\">\n<p>&nbsp;<\/p>\n<p><strong>M2 Ab initio studies applied to Catalysis<\/strong><\/p>\n<p>&nbsp;<\/p>\n<p><strong>Summer School <a href=\"http:\/\/elitecat2019.univ-lyon1.fr\">ELITECAT<\/a><\/strong><\/p>\n<p>&nbsp;<\/p>\n<p><strong>F\u00eate de la Science:<\/strong> Atelier <a href=\"https:\/\/fold.it\/portal\/\">Foldit<\/a><\/p>\n<p>&nbsp;<\/p>\n<p>&nbsp;<\/p>\n<div class=\"page\" title=\"Page 1\">\n<div class=\"section\"><\/div>\n<\/div>\n<\/div>\n<\/div>\n<\/div>\n<\/div>\n","protected":false},"excerpt":{"rendered":"<p>Winter School Themosia 2024 : Investigating a Michael addition&#8230; Using static methods Using metadynamics Ecole d&rsquo;\u00e9t\u00e9 du GDR EMIE 2023: Part 1 Part 2. &nbsp; L3 TP de mod\u00e9lisation S\u00e9ance 1 S\u00e9ance 2 S\u00e9ance 3 &nbsp; M2 Ab initio studies applied to Catalysis &nbsp; Summer School ELITECAT &nbsp; F\u00eate de la Science: Atelier Foldit &nbsp; [&hellip;]<\/p>\n","protected":false},"author":2,"featured_media":0,"parent":0,"menu_order":0,"comment_status":"closed","ping_status":"open","template":"","meta":{"footnotes":""},"class_list":["post-2","page","type-page","status-publish","hentry"],"_links":{"self":[{"href":"https:\/\/perso.ens-lyon.fr\/carine.michel\/wp-json\/wp\/v2\/pages\/2","targetHints":{"allow":["GET"]}}],"collection":[{"href":"https:\/\/perso.ens-lyon.fr\/carine.michel\/wp-json\/wp\/v2\/pages"}],"about":[{"href":"https:\/\/perso.ens-lyon.fr\/carine.michel\/wp-json\/wp\/v2\/types\/page"}],"author":[{"embeddable":true,"href":"https:\/\/perso.ens-lyon.fr\/carine.michel\/wp-json\/wp\/v2\/users\/2"}],"replies":[{"embeddable":true,"href":"https:\/\/perso.ens-lyon.fr\/carine.michel\/wp-json\/wp\/v2\/comments?post=2"}],"version-history":[{"count":22,"href":"https:\/\/perso.ens-lyon.fr\/carine.michel\/wp-json\/wp\/v2\/pages\/2\/revisions"}],"predecessor-version":[{"id":439,"href":"https:\/\/perso.ens-lyon.fr\/carine.michel\/wp-json\/wp\/v2\/pages\/2\/revisions\/439"}],"wp:attachment":[{"href":"https:\/\/perso.ens-lyon.fr\/carine.michel\/wp-json\/wp\/v2\/media?parent=2"}],"curies":[{"name":"wp","href":"https:\/\/api.w.org\/{rel}","templated":true}]}}