{"id":526,"date":"2016-01-22T08:55:12","date_gmt":"2016-01-22T07:55:12","guid":{"rendered":"http:\/\/perso.ens-lyon.fr\/ghys\/?page_id=526"},"modified":"2025-05-06T13:28:54","modified_gmt":"2025-05-06T12:28:54","slug":"liens","status":"publish","type":"page","link":"https:\/\/perso.ens-lyon.fr\/ghys\/liens\/","title":{"rendered":"Liens"},"content":{"rendered":"<div class=\"wp-block-image\">\n<figure class=\"aligncenter is-resized\"><a href=\"https:\/\/perso.ens-lyon.fr\/ghys\/wp-content\/uploads\/2016\/01\/fresquemath.jpg\"><img loading=\"lazy\" decoding=\"async\" width=\"300\" height=\"53\" src=\"https:\/\/perso.ens-lyon.fr\/ghys\/wp-content\/uploads\/2016\/01\/fresquemath-300x53.jpg\" alt=\"fresquemath\" class=\"wp-image-537\" style=\"width:587px;height:104px\" srcset=\"https:\/\/perso.ens-lyon.fr\/ghys\/wp-content\/uploads\/2016\/01\/fresquemath-300x53.jpg 300w, https:\/\/perso.ens-lyon.fr\/ghys\/wp-content\/uploads\/2016\/01\/fresquemath.jpg 804w\" sizes=\"auto, (max-width: 300px) 100vw, 300px\" \/><\/a><\/figure><\/div>\n\n\n<ul class=\"wp-block-list\">\n<li><a href=\"http:\/\/images.math.cnrs.fr\/\">Images des math\u00e9matiques<\/a>. La recherche math\u00e9matique, en mots et en images.<\/li>\n\n\n\n<li><a href=\"http:\/\/www.josleys.com\/\" class=\"broken_link\">Mathematical Imagery<\/a>, par Jos Leys. Un grand ma\u00eetre \u00e8s images math\u00e9matiques ! Nous collaborons depuis quelques ann\u00e9es sur des projets de visualisation math\u00e9matique. Beaucoup d&rsquo;images sur ce site lui sont dues (comme par exemple le \u00ab\u00a0header\u00a0\u00bb).<\/li>\n\n\n\n<li>Le site&nbsp;<a href=\"http:\/\/gallica.bnf.fr\/\" class=\"broken_link\">gallica<\/a>&nbsp;de la Biblioth\u00e8que Nationale de France. On y trouve une quantit\u00e9 impressionnante d&rsquo;ouvrages anciens (en particlier de math\u00e9matiques) num\u00e9ris\u00e9s.<\/li>\n\n\n\n<li>Le site&nbsp;<a href=\"http:\/\/archive.org\/index.php\" class=\"broken_link\">Archive.org<\/a>. Beaucoup d&rsquo;ouvrages anciens en t\u00e9l\u00e9chargement&#8230; l\u00e9gaux.<\/li>\n\n\n\n<li>Le site&nbsp;Library Genesis Project. Beaucoup d&rsquo;ouvrages anciens en t\u00e9l\u00e9chargement&#8230;<\/li>\n\n\n\n<li><a href=\"http:\/\/henri-poincare.ahp-numerique.fr\/\" class=\"broken_link\">Henri Poincar\u00e9, du math\u00e9maticien au philosophe<\/a>. Informations historiques sur Henri Poincar\u00e9.<\/li>\n\n\n\n<li><a href=\"http:\/\/perso.ens-lyon.fr\/gaboriau\/Goutelas\/Goutelas.html\">Les week-ends math\u00e9matiques de Goutelas<\/a>. Depuis vingt ans, l&rsquo;UMPA et le d\u00e9partement de math\u00e9matiques de l&rsquo;ENS Lyon organisent ces week-ends tr\u00e8s int\u00e9ressants.<\/li>\n\n\n\n<li>L&rsquo;encyclop\u00e9die\u00a0Wikipedia. Incontournable en math\u00e9matiques ?<\/li>\n\n\n\n<li>The&nbsp;<a href=\"http:\/\/functions.wolfram.com\/\" class=\"broken_link\">Functions site<\/a>. Une mine d&rsquo;informations sur les fonctions, avec \u00ab\u00a0la fonction du jour\u00a0\u00bb !<\/li>\n\n\n\n<li>This&nbsp;<a href=\"http:\/\/math.ucr.edu\/home\/baez\/TWF.html\" class=\"broken_link\">Week&rsquo;s Finds in Mathematical Physics<\/a>, de John Baez. Pour \u00eatre s\u00fbr d&rsquo;apprendre quelque chose d&rsquo;int\u00e9ressant chaque semaine&#8230;<\/li>\n<\/ul>\n","protected":false},"excerpt":{"rendered":"","protected":false},"author":1,"featured_media":0,"parent":0,"menu_order":0,"comment_status":"closed","ping_status":"closed","template":"","meta":{"_uag_custom_page_level_css":"","ub_ctt_via":"","_exactmetrics_skip_tracking":false,"_exactmetrics_sitenote_active":false,"_exactmetrics_sitenote_note":"","_exactmetrics_sitenote_category":0,"episode_type":"","audio_file":"","cover_image":"","cover_image_id":"","duration":"","filesize":"","date_recorded":"","explicit":"","block":"","itunes_episode_number":"","itunes_title":"","itunes_season_number":"","itunes_episode_type":"","filesize_raw":"","footnotes":""},"class_list":["post-526","page","type-page","status-publish","hentry"],"featured_image_src":null,"yoast_head":"<!-- This site is optimized with the Yoast SEO plugin v25.4 - https:\/\/yoast.com\/wordpress\/plugins\/seo\/ -->\n<title>Liens - \u00c9tienne Ghys<\/title>\n<meta name=\"robots\" content=\"index, follow, max-snippet:-1, max-image-preview:large, max-video-preview:-1\" \/>\n<link rel=\"canonical\" href=\"https:\/\/perso.ens-lyon.fr\/ghys\/liens\/\" \/>\n<meta property=\"og:locale\" content=\"fr_FR\" \/>\n<meta property=\"og:type\" content=\"article\" \/>\n<meta property=\"og:title\" content=\"Liens - \u00c9tienne Ghys\" \/>\n<meta property=\"og:url\" content=\"https:\/\/perso.ens-lyon.fr\/ghys\/liens\/\" \/>\n<meta property=\"og:site_name\" content=\"\u00c9tienne Ghys\" \/>\n<meta property=\"article:modified_time\" content=\"2025-05-06T12:28:54+00:00\" \/>\n<meta property=\"og:image\" content=\"http:\/\/perso.ens-lyon.fr\/ghys\/wp-content\/uploads\/2016\/01\/fresquemath-300x53.jpg\" \/>\n<meta name=\"twitter:card\" content=\"summary_large_image\" \/>\n<meta name=\"twitter:label1\" content=\"Dur\u00e9e de lecture estim\u00e9e\" \/>\n\t<meta name=\"twitter:data1\" content=\"2 minutes\" \/>\n<script type=\"application\/ld+json\" class=\"yoast-schema-graph\">{\"@context\":\"https:\/\/schema.org\",\"@graph\":[{\"@type\":\"WebPage\",\"@id\":\"https:\/\/perso.ens-lyon.fr\/ghys\/liens\/\",\"url\":\"https:\/\/perso.ens-lyon.fr\/ghys\/liens\/\",\"name\":\"Liens - \u00c9tienne Ghys\",\"isPartOf\":{\"@id\":\"https:\/\/perso.ens-lyon.fr\/ghys\/#website\"},\"primaryImageOfPage\":{\"@id\":\"https:\/\/perso.ens-lyon.fr\/ghys\/liens\/#primaryimage\"},\"image\":{\"@id\":\"https:\/\/perso.ens-lyon.fr\/ghys\/liens\/#primaryimage\"},\"thumbnailUrl\":\"http:\/\/perso.ens-lyon.fr\/ghys\/wp-content\/uploads\/2016\/01\/fresquemath-300x53.jpg\",\"datePublished\":\"2016-01-22T07:55:12+00:00\",\"dateModified\":\"2025-05-06T12:28:54+00:00\",\"breadcrumb\":{\"@id\":\"https:\/\/perso.ens-lyon.fr\/ghys\/liens\/#breadcrumb\"},\"inLanguage\":\"fr-FR\",\"potentialAction\":[{\"@type\":\"ReadAction\",\"target\":[\"https:\/\/perso.ens-lyon.fr\/ghys\/liens\/\"]}]},{\"@type\":\"ImageObject\",\"inLanguage\":\"fr-FR\",\"@id\":\"https:\/\/perso.ens-lyon.fr\/ghys\/liens\/#primaryimage\",\"url\":\"http:\/\/perso.ens-lyon.fr\/ghys\/wp-content\/uploads\/2016\/01\/fresquemath-300x53.jpg\",\"contentUrl\":\"http:\/\/perso.ens-lyon.fr\/ghys\/wp-content\/uploads\/2016\/01\/fresquemath-300x53.jpg\"},{\"@type\":\"BreadcrumbList\",\"@id\":\"https:\/\/perso.ens-lyon.fr\/ghys\/liens\/#breadcrumb\",\"itemListElement\":[{\"@type\":\"ListItem\",\"position\":1,\"name\":\"Accueil\",\"item\":\"https:\/\/perso.ens-lyon.fr\/ghys\/accueil\/\"},{\"@type\":\"ListItem\",\"position\":2,\"name\":\"Liens\"}]},{\"@type\":\"WebSite\",\"@id\":\"https:\/\/perso.ens-lyon.fr\/ghys\/#website\",\"url\":\"https:\/\/perso.ens-lyon.fr\/ghys\/\",\"name\":\"\u00c9tienne Ghys\",\"description\":\"\",\"potentialAction\":[{\"@type\":\"SearchAction\",\"target\":{\"@type\":\"EntryPoint\",\"urlTemplate\":\"https:\/\/perso.ens-lyon.fr\/ghys\/?s={search_term_string}\"},\"query-input\":{\"@type\":\"PropertyValueSpecification\",\"valueRequired\":true,\"valueName\":\"search_term_string\"}}],\"inLanguage\":\"fr-FR\"}]}<\/script>\n<!-- \/ Yoast SEO plugin. -->","yoast_head_json":{"title":"Liens - \u00c9tienne Ghys","robots":{"index":"index","follow":"follow","max-snippet":"max-snippet:-1","max-image-preview":"max-image-preview:large","max-video-preview":"max-video-preview:-1"},"canonical":"https:\/\/perso.ens-lyon.fr\/ghys\/liens\/","og_locale":"fr_FR","og_type":"article","og_title":"Liens - \u00c9tienne Ghys","og_url":"https:\/\/perso.ens-lyon.fr\/ghys\/liens\/","og_site_name":"\u00c9tienne Ghys","article_modified_time":"2025-05-06T12:28:54+00:00","og_image":[{"url":"http:\/\/perso.ens-lyon.fr\/ghys\/wp-content\/uploads\/2016\/01\/fresquemath-300x53.jpg","type":"","width":"","height":""}],"twitter_card":"summary_large_image","twitter_misc":{"Dur\u00e9e de lecture estim\u00e9e":"2 minutes"},"schema":{"@context":"https:\/\/schema.org","@graph":[{"@type":"WebPage","@id":"https:\/\/perso.ens-lyon.fr\/ghys\/liens\/","url":"https:\/\/perso.ens-lyon.fr\/ghys\/liens\/","name":"Liens - \u00c9tienne Ghys","isPartOf":{"@id":"https:\/\/perso.ens-lyon.fr\/ghys\/#website"},"primaryImageOfPage":{"@id":"https:\/\/perso.ens-lyon.fr\/ghys\/liens\/#primaryimage"},"image":{"@id":"https:\/\/perso.ens-lyon.fr\/ghys\/liens\/#primaryimage"},"thumbnailUrl":"http:\/\/perso.ens-lyon.fr\/ghys\/wp-content\/uploads\/2016\/01\/fresquemath-300x53.jpg","datePublished":"2016-01-22T07:55:12+00:00","dateModified":"2025-05-06T12:28:54+00:00","breadcrumb":{"@id":"https:\/\/perso.ens-lyon.fr\/ghys\/liens\/#breadcrumb"},"inLanguage":"fr-FR","potentialAction":[{"@type":"ReadAction","target":["https:\/\/perso.ens-lyon.fr\/ghys\/liens\/"]}]},{"@type":"ImageObject","inLanguage":"fr-FR","@id":"https:\/\/perso.ens-lyon.fr\/ghys\/liens\/#primaryimage","url":"http:\/\/perso.ens-lyon.fr\/ghys\/wp-content\/uploads\/2016\/01\/fresquemath-300x53.jpg","contentUrl":"http:\/\/perso.ens-lyon.fr\/ghys\/wp-content\/uploads\/2016\/01\/fresquemath-300x53.jpg"},{"@type":"BreadcrumbList","@id":"https:\/\/perso.ens-lyon.fr\/ghys\/liens\/#breadcrumb","itemListElement":[{"@type":"ListItem","position":1,"name":"Accueil","item":"https:\/\/perso.ens-lyon.fr\/ghys\/accueil\/"},{"@type":"ListItem","position":2,"name":"Liens"}]},{"@type":"WebSite","@id":"https:\/\/perso.ens-lyon.fr\/ghys\/#website","url":"https:\/\/perso.ens-lyon.fr\/ghys\/","name":"\u00c9tienne Ghys","description":"","potentialAction":[{"@type":"SearchAction","target":{"@type":"EntryPoint","urlTemplate":"https:\/\/perso.ens-lyon.fr\/ghys\/?s={search_term_string}"},"query-input":{"@type":"PropertyValueSpecification","valueRequired":true,"valueName":"search_term_string"}}],"inLanguage":"fr-FR"}]}},"uagb_featured_image_src":{"full":false,"thumbnail":false,"medium":false,"medium_large":false,"large":false,"1536x1536":false,"2048x2048":false,"post-thumbnail":false},"uagb_author_info":{"display_name":"ghys","author_link":"https:\/\/perso.ens-lyon.fr\/ghys\/author\/ghys\/"},"uagb_comment_info":0,"uagb_excerpt":null,"_links":{"self":[{"href":"https:\/\/perso.ens-lyon.fr\/ghys\/wp-json\/wp\/v2\/pages\/526","targetHints":{"allow":["GET"]}}],"collection":[{"href":"https:\/\/perso.ens-lyon.fr\/ghys\/wp-json\/wp\/v2\/pages"}],"about":[{"href":"https:\/\/perso.ens-lyon.fr\/ghys\/wp-json\/wp\/v2\/types\/page"}],"author":[{"embeddable":true,"href":"https:\/\/perso.ens-lyon.fr\/ghys\/wp-json\/wp\/v2\/users\/1"}],"replies":[{"embeddable":true,"href":"https:\/\/perso.ens-lyon.fr\/ghys\/wp-json\/wp\/v2\/comments?post=526"}],"version-history":[{"count":19,"href":"https:\/\/perso.ens-lyon.fr\/ghys\/wp-json\/wp\/v2\/pages\/526\/revisions"}],"predecessor-version":[{"id":2734,"href":"https:\/\/perso.ens-lyon.fr\/ghys\/wp-json\/wp\/v2\/pages\/526\/revisions\/2734"}],"wp:attachment":[{"href":"https:\/\/perso.ens-lyon.fr\/ghys\/wp-json\/wp\/v2\/media?parent=526"}],"curies":[{"name":"wp","href":"https:\/\/api.w.org\/{rel}","templated":true}]}}