{"id":965,"date":"2017-08-14T13:56:13","date_gmt":"2017-08-14T12:56:13","guid":{"rendered":"http:\/\/perso.ens-lyon.fr\/ghys\/?page_id=965"},"modified":"2024-02-12T08:34:20","modified_gmt":"2024-02-12T07:34:20","slug":"promenade","status":"publish","type":"page","link":"https:\/\/perso.ens-lyon.fr\/ghys\/promenade\/","title":{"rendered":"A Singular Mathematical Promenade"},"content":{"rendered":"\n<blockquote cite=\"mid:D65F0E17-F37E-4C73-BD34-BBF38C2AC06B@ens-lyon.fr\"><pre>A stroll in the mathematical world. This is neither an elementary introduction to the theory of singularities, nor a specialized treatise containing many new theorems. The purpose of this little book is to invite the reader on a mathematical promenade. We pay a visit to Hipparchus, Newton and Gauss, but also to many contemporary mathematicians. We play with a bit of algebra, topology, geometry, complex analysis, combinatorics, and computer science. Hopefully, motivated undergraduates and more advanced mathematicians will enjoy some of these panoramas.<\/pre><\/blockquote>\n\n\n\n<h4 class=\"wp-block-heading\" id=\"English\">English<\/h4>\n\n\n\n<p>This pdf book is available <a href=\"http:\/\/ghys.perso.math.cnrs.fr\/bricabrac\/promenade.pdf\" class=\"broken_link\"><em>free of charge<\/em> here<\/a> (37 Mo), or on <a href=\"https:\/\/arxiv.org\/abs\/1612.06373\" class=\"broken_link\">Arxiv<\/a>, or on the website of <a href=\"http:\/\/catalogue-editions.ens-lyon.fr\/en\/livre\/?GCOI=29021100476860\">ENS \u00c9ditions<\/a>. Reviews by<\/p>\n\n\n\n<p><a href=\"https:\/\/perso.ens-lyon.fr\/ghys\/reviews\/Tabachnikov.pdf\">Serge Tabachnikov<\/a>, from the <a href=\"https:\/\/www.springer.com\/journal\/283\" class=\"broken_link\">Math Intelligencer<\/a>,<\/p>\n\n\n\n<p><a href=\"https:\/\/perso.ens-lyon.fr\/ghys\/reviews\/gazette-promenade.pdf\">Damien M\u00e9gy<\/a>, from the <a href=\"https:\/\/smf.emath.fr\/les-publications\/la-gazette\" class=\"broken_link\">Gazette des math\u00e9maticiens,<\/a><\/p>\n\n\n\n<p><a href=\"https:\/\/www.maa.org\/press\/maa-reviews\/a-singular-mathematical-promenade\" class=\"broken_link\"> Fernando Gouvea<\/a> from the <a href=\"https:\/\/www.maa.org\" class=\"broken_link\">Mathematical Association of America<\/a>, &nbsp;<\/p>\n\n\n\n<p><a href=\"https:\/\/perso.ens-lyon.fr\/ghys\/reviews\/Jones.pdf\">Rafe Jones<\/a>, from the <a href=\"https:\/\/www.ams.org\/notices\" class=\"broken_link\">Notices of the American Mathematical Society<\/a>,<\/p>\n\n\n\n<p><a href=\"https:\/\/perso.ens-lyon.fr\/ghys\/reviews\/Kontorovich.pdf\">Alex Kontorovich<\/a>, from the <a href=\"https:\/\/www.maa.org\/press\/periodicals\/american-mathematical-monthly\" class=\"broken_link\">American Mathematical Monthly<\/a>,<\/p>\n\n\n\n<p><a href=\"https:\/\/perso.ens-lyon.fr\/ghys\/reviews\/Swetz.pdf\">Frank Swetz<\/a>, from the <a href=\"https:\/\/www.maa.org\" class=\"broken_link\">American Association of America<\/a>,<\/p>\n\n\n\n<p><a href=\"https:\/\/perso.ens-lyon.fr\/ghys\/reviews\/Lamb.pdf\">Evelyn Lamb<\/a>, from <a href=\"http:\/\/www.ams.org\/publications\/math-reviews\/math-reviews\" class=\"broken_link\">Mathematical Reviews<\/a>,<\/p>\n\n\n\n<p><a href=\"https:\/\/perso.ens-lyon.fr\/ghys\/reviews\/Munoz.pdf\">Vicente Munoz<\/a>, from the <a href=\"https:\/\/euro-math-soc.eu\" class=\"broken_link\">European Mathematical Society<\/a>.<\/p>\n\n\n\n<p>The LaTeX source files can be downloaded <a href=\"http:\/\/ghys.disque.math.cnrs.fr\/bricabrac\/Promenade-Source.zip\" class=\"broken_link\">here<\/a>&nbsp;(170 Mo).<\/p>\n\n\n\n<p>A printed version is&nbsp;available for sale at <a href=\"http:\/\/catalogue-editions.ens-lyon.fr\/en\/livre\/?GCOI=29021100476860\">ENS \u00c9ditions<\/a>&nbsp;(27 \u20ac).<\/p>\n\n\n\n<p>This book is published under a <a href=\"https:\/\/creativecommons.org\/share-your-work\/public-domain\/cc0\/\" class=\"broken_link\">Creative Commons CC0 <\/a>license.<\/p>\n\n\n\n<h4 class=\"wp-block-heading\" id=\"Turkish\">Turkish<\/h4>\n\n\n\n<p>I am very proud that a <a href=\"https:\/\/perso.ens-lyon.fr\/ghys\/articles\/Gezinti\">Turkish translation<\/a> is available. Warm thanks to Bet\u00fcl Tanbay, Ferit \u00d6zt\u00fcrk, Ahmet Feyzio\u01e7lu and Arkada\u015f \u00d6zak\u0131n and to the <a href=\"https:\/\/tmd.org.tr\/ghys\/\" class=\"broken_link\">Turkish Mathematical Society<\/a>.<\/p>\n\n\n\n<h4 class=\"wp-block-heading\" id=\"Russian\">Russian<\/h4>\n\n\n\n<p>A <a href=\"https:\/\/biblio.mccme.ru\/node\/76199\/shop\" class=\"broken_link\">Russian translation<\/a> is also available :&nbsp;\u041c\u0430\u0442\u0435\u043c\u0430\u0442\u0438\u0447\u0435\u0441\u043a\u0430\u044f \u043f\u0440\u043e\u0433\u0443\u043b\u043a\u0430 \u0441 \u043e\u0441\u043c\u043e\u0442\u0440\u043e\u043c \u043e\u0441\u043e\u0431\u0435\u043d\u043d\u043e\u0441\u0442\u0435\u0439. Thanks to Evgeny Smirnov, for the translation, to&nbsp;Serge Lvovski &nbsp;for double checking this translation, to&nbsp;Vadim Radionov for the layout, and to Victor Klepsyn for suggesting all of this &nbsp;!<\/p>\n\n\n\n<h4 class=\"wp-block-heading\" id=\"Portuguese\">Portuguese<\/h4>\n\n\n\n<p>A <a href=\"https:\/\/perso.ens-lyon.fr\/ghys\/articles\/Passeio\">Portuguese translation<\/a> is also available. You can buy it <a href=\"https:\/\/loja.sbm.org.br\/um-passeio-matematico-singular.html\" class=\"broken_link\">here<\/a>.<\/p>\n\n\n\n<h4 class=\"wp-block-heading\" id=\"Arabic\">Arabic<\/h4>\n\n\n\n<p>The <a href=\"https:\/\/perso.ens-lyon.fr\/ghys\/articles\/ASingularMathematicalPromenadeArabic\">Arabic version<\/a> is now available (December 29th, 2021) as a birthday gift ! A huge \u00ab\u00a0Merci\u00a0\u00bb for my friend Hamza Khelif who did everything alone. A huge task.<\/p>\n\n\n\n<p class=\"has-medium-font-size\"><strong>Fran\u00e7ais<\/strong><\/p>\n\n\n\n<p>La<a href=\"https:\/\/perso.ens-lyon.fr\/ghys\/articles\/promenade-fr.pdf\"> version fran\u00e7aise<\/a> est parue en octobre 2023. Merci \u00e0 Nicolas Baca\u00ebr pour son aide. Il a d&rsquo;abord utilis\u00e9 un traducteur automatique qui a produit une version \u00ab\u00a0raisonnable\u00a0\u00bb qu&rsquo;il a fallu ensuite corriger. Le livre est publi\u00e9 chez <a href=\"https:\/\/store.cassini.fr\/fr\/documents-essais-culture-scientifique\/148-une-singuliere-promenade-mathematique.html?search_query=ghys&amp;results=1\" class=\"broken_link\">Cassini<\/a>.<\/p>\n","protected":false},"excerpt":{"rendered":"<p>A stroll in the mathematical world. This is neither an elementary introduction to the theory of singularities, nor a specialized treatise containing many new theorems. The purpose of this little book is to invite the reader on a mathematical promenade. We pay a visit to Hipparchus, Newton and Gauss, but also to many contemporary mathematicians. &hellip; <a href=\"https:\/\/perso.ens-lyon.fr\/ghys\/promenade\/\" class=\"more-link\">Continuer la lecture de <span class=\"screen-reader-text\">A Singular Mathematical Promenade<\/span> <span class=\"meta-nav\">&rarr;<\/span><\/a><\/p>\n","protected":false},"author":1,"featured_media":0,"parent":0,"menu_order":0,"comment_status":"closed","ping_status":"closed","template":"","meta":{"_uag_custom_page_level_css":"","ub_ctt_via":"","_exactmetrics_skip_tracking":false,"_exactmetrics_sitenote_active":false,"_exactmetrics_sitenote_note":"","_exactmetrics_sitenote_category":0,"episode_type":"","audio_file":"","cover_image":"","cover_image_id":"","duration":"","filesize":"","date_recorded":"","explicit":"","block":"","itunes_episode_number":"","itunes_title":"","itunes_season_number":"","itunes_episode_type":"","filesize_raw":"","footnotes":""},"class_list":["post-965","page","type-page","status-publish","hentry"],"featured_image_src":null,"yoast_head":"<!-- This site is optimized with the Yoast SEO plugin v25.4 - https:\/\/yoast.com\/wordpress\/plugins\/seo\/ -->\n<title>A Singular Mathematical Promenade - \u00c9tienne Ghys<\/title>\n<meta name=\"robots\" content=\"index, follow, max-snippet:-1, max-image-preview:large, max-video-preview:-1\" \/>\n<link rel=\"canonical\" href=\"https:\/\/perso.ens-lyon.fr\/ghys\/promenade\/\" \/>\n<meta property=\"og:locale\" content=\"fr_FR\" \/>\n<meta property=\"og:type\" content=\"article\" \/>\n<meta property=\"og:title\" content=\"A Singular Mathematical Promenade - \u00c9tienne Ghys\" \/>\n<meta property=\"og:description\" content=\"A stroll in the mathematical world. This is neither an elementary introduction to the theory of singularities, nor a specialized treatise containing many new theorems. The purpose of this little book is to invite the reader on a mathematical promenade. We pay a visit to Hipparchus, Newton and Gauss, but also to many contemporary mathematicians. &hellip; Continuer la lecture de A Singular Mathematical Promenade &rarr;\" \/>\n<meta property=\"og:url\" content=\"https:\/\/perso.ens-lyon.fr\/ghys\/promenade\/\" \/>\n<meta property=\"og:site_name\" content=\"\u00c9tienne Ghys\" \/>\n<meta property=\"article:modified_time\" content=\"2024-02-12T07:34:20+00:00\" \/>\n<meta name=\"twitter:card\" content=\"summary_large_image\" \/>\n<meta name=\"twitter:label1\" content=\"Dur\u00e9e de lecture estim\u00e9e\" \/>\n\t<meta name=\"twitter:data1\" content=\"2 minutes\" \/>\n<script type=\"application\/ld+json\" class=\"yoast-schema-graph\">{\"@context\":\"https:\/\/schema.org\",\"@graph\":[{\"@type\":\"WebPage\",\"@id\":\"https:\/\/perso.ens-lyon.fr\/ghys\/promenade\/\",\"url\":\"https:\/\/perso.ens-lyon.fr\/ghys\/promenade\/\",\"name\":\"A Singular Mathematical Promenade - \u00c9tienne Ghys\",\"isPartOf\":{\"@id\":\"https:\/\/perso.ens-lyon.fr\/ghys\/#website\"},\"datePublished\":\"2017-08-14T12:56:13+00:00\",\"dateModified\":\"2024-02-12T07:34:20+00:00\",\"breadcrumb\":{\"@id\":\"https:\/\/perso.ens-lyon.fr\/ghys\/promenade\/#breadcrumb\"},\"inLanguage\":\"fr-FR\",\"potentialAction\":[{\"@type\":\"ReadAction\",\"target\":[\"https:\/\/perso.ens-lyon.fr\/ghys\/promenade\/\"]}]},{\"@type\":\"BreadcrumbList\",\"@id\":\"https:\/\/perso.ens-lyon.fr\/ghys\/promenade\/#breadcrumb\",\"itemListElement\":[{\"@type\":\"ListItem\",\"position\":1,\"name\":\"Accueil\",\"item\":\"https:\/\/perso.ens-lyon.fr\/ghys\/accueil\/\"},{\"@type\":\"ListItem\",\"position\":2,\"name\":\"A Singular Mathematical Promenade\"}]},{\"@type\":\"WebSite\",\"@id\":\"https:\/\/perso.ens-lyon.fr\/ghys\/#website\",\"url\":\"https:\/\/perso.ens-lyon.fr\/ghys\/\",\"name\":\"\u00c9tienne Ghys\",\"description\":\"\",\"potentialAction\":[{\"@type\":\"SearchAction\",\"target\":{\"@type\":\"EntryPoint\",\"urlTemplate\":\"https:\/\/perso.ens-lyon.fr\/ghys\/?s={search_term_string}\"},\"query-input\":{\"@type\":\"PropertyValueSpecification\",\"valueRequired\":true,\"valueName\":\"search_term_string\"}}],\"inLanguage\":\"fr-FR\"}]}<\/script>\n<!-- \/ Yoast SEO plugin. -->","yoast_head_json":{"title":"A Singular Mathematical Promenade - \u00c9tienne Ghys","robots":{"index":"index","follow":"follow","max-snippet":"max-snippet:-1","max-image-preview":"max-image-preview:large","max-video-preview":"max-video-preview:-1"},"canonical":"https:\/\/perso.ens-lyon.fr\/ghys\/promenade\/","og_locale":"fr_FR","og_type":"article","og_title":"A Singular Mathematical Promenade - \u00c9tienne Ghys","og_description":"A stroll in the mathematical world. This is neither an elementary introduction to the theory of singularities, nor a specialized treatise containing many new theorems. The purpose of this little book is to invite the reader on a mathematical promenade. We pay a visit to Hipparchus, Newton and Gauss, but also to many contemporary mathematicians. &hellip; Continuer la lecture de A Singular Mathematical Promenade &rarr;","og_url":"https:\/\/perso.ens-lyon.fr\/ghys\/promenade\/","og_site_name":"\u00c9tienne Ghys","article_modified_time":"2024-02-12T07:34:20+00:00","twitter_card":"summary_large_image","twitter_misc":{"Dur\u00e9e de lecture estim\u00e9e":"2 minutes"},"schema":{"@context":"https:\/\/schema.org","@graph":[{"@type":"WebPage","@id":"https:\/\/perso.ens-lyon.fr\/ghys\/promenade\/","url":"https:\/\/perso.ens-lyon.fr\/ghys\/promenade\/","name":"A Singular Mathematical Promenade - \u00c9tienne Ghys","isPartOf":{"@id":"https:\/\/perso.ens-lyon.fr\/ghys\/#website"},"datePublished":"2017-08-14T12:56:13+00:00","dateModified":"2024-02-12T07:34:20+00:00","breadcrumb":{"@id":"https:\/\/perso.ens-lyon.fr\/ghys\/promenade\/#breadcrumb"},"inLanguage":"fr-FR","potentialAction":[{"@type":"ReadAction","target":["https:\/\/perso.ens-lyon.fr\/ghys\/promenade\/"]}]},{"@type":"BreadcrumbList","@id":"https:\/\/perso.ens-lyon.fr\/ghys\/promenade\/#breadcrumb","itemListElement":[{"@type":"ListItem","position":1,"name":"Accueil","item":"https:\/\/perso.ens-lyon.fr\/ghys\/accueil\/"},{"@type":"ListItem","position":2,"name":"A Singular Mathematical Promenade"}]},{"@type":"WebSite","@id":"https:\/\/perso.ens-lyon.fr\/ghys\/#website","url":"https:\/\/perso.ens-lyon.fr\/ghys\/","name":"\u00c9tienne Ghys","description":"","potentialAction":[{"@type":"SearchAction","target":{"@type":"EntryPoint","urlTemplate":"https:\/\/perso.ens-lyon.fr\/ghys\/?s={search_term_string}"},"query-input":{"@type":"PropertyValueSpecification","valueRequired":true,"valueName":"search_term_string"}}],"inLanguage":"fr-FR"}]}},"uagb_featured_image_src":{"full":false,"thumbnail":false,"medium":false,"medium_large":false,"large":false,"1536x1536":false,"2048x2048":false,"post-thumbnail":false},"uagb_author_info":{"display_name":"ghys","author_link":"https:\/\/perso.ens-lyon.fr\/ghys\/author\/ghys\/"},"uagb_comment_info":0,"uagb_excerpt":"A stroll in the mathematical world. This is neither an elementary introduction to the theory of singularities, nor a specialized treatise containing many new theorems. The purpose of this little book is to invite the reader on a mathematical promenade. We pay a visit to Hipparchus, Newton and Gauss, but also to many contemporary mathematicians.\u2026","_links":{"self":[{"href":"https:\/\/perso.ens-lyon.fr\/ghys\/wp-json\/wp\/v2\/pages\/965","targetHints":{"allow":["GET"]}}],"collection":[{"href":"https:\/\/perso.ens-lyon.fr\/ghys\/wp-json\/wp\/v2\/pages"}],"about":[{"href":"https:\/\/perso.ens-lyon.fr\/ghys\/wp-json\/wp\/v2\/types\/page"}],"author":[{"embeddable":true,"href":"https:\/\/perso.ens-lyon.fr\/ghys\/wp-json\/wp\/v2\/users\/1"}],"replies":[{"embeddable":true,"href":"https:\/\/perso.ens-lyon.fr\/ghys\/wp-json\/wp\/v2\/comments?post=965"}],"version-history":[{"count":74,"href":"https:\/\/perso.ens-lyon.fr\/ghys\/wp-json\/wp\/v2\/pages\/965\/revisions"}],"predecessor-version":[{"id":2642,"href":"https:\/\/perso.ens-lyon.fr\/ghys\/wp-json\/wp\/v2\/pages\/965\/revisions\/2642"}],"wp:attachment":[{"href":"https:\/\/perso.ens-lyon.fr\/ghys\/wp-json\/wp\/v2\/media?parent=965"}],"curies":[{"name":"wp","href":"https:\/\/api.w.org\/{rel}","templated":true}]}}