{"id":131,"date":"2015-03-31T20:49:40","date_gmt":"2015-03-31T20:49:40","guid":{"rendered":"http:\/\/perso.ens-lyon.fr\/isabelle.colondecarvajal\/pro\/?page_id=131"},"modified":"2025-04-25T15:43:17","modified_gmt":"2025-04-25T15:43:17","slug":"encadrements-memoires","status":"publish","type":"page","link":"https:\/\/perso.ens-lyon.fr\/isabelle.colondecarvajal\/pro\/?page_id=131","title":{"rendered":"Encadrements de travaux et jurys"},"content":{"rendered":"<h1>Th\u00e8ses de doctorat<\/h1>\n<p style=\"text-align: left;\"><strong>Encadrements<\/strong><\/p>\n<p><strong>2022-2025. Thomas FRANCO PINTO<\/strong>, th\u00e8se en cours. Sciences du Langage.\u00a0<em>Les strat\u00e9gies interactionnelles et multimodales d\u00e9velopp\u00e9es par les enfants Dys et leur famille dans l&rsquo;exp\u00e9rience d&rsquo;un jeu de soci\u00e9t\u00e9 de complexit\u00e9 moyenne.<\/em> Contrat CIFRE avec Asmodee Research, Game in Lab. (co-dirig\u00e9 avec H. Baldauf-Quilliatre).<\/p>\n<p><strong>2018- 2022. Louis MARITAUD.<\/strong> <em>La comp\u00e9tence d\u2019interaction des soignants en psychiatrie : analyse comparative des s\u00e9quences de discours repr\u00e9sent\u00e9 dans des conversations patients-soignants.<\/em> Contrat doctoral de l&rsquo;Universit\u00e9 Lyon 2, en co-direction avec Sandra Teston-Bonnard.<\/p>\n<p><strong>2017-2022. Luisa Fernanda ACOSTA.<\/strong> <em>La reformulation dans les langues fran\u00e7aise et espagnole parl\u00e9es en interaction.<\/em> Contrat doctoral de l&rsquo;Universit\u00e9 Lyon 2, sous la direction de Nathalie Rossi-Gensane et V\u00e9ronique Traverso. Je suis tutrice pour valider les r\u00e9sultats produits \u00e0 partir des donn\u00e9es en espagnol.<\/p>\n<p style=\"text-align: left;\"><strong>Membre de jury de th\u00e8se<\/strong><\/p>\n<p><strong>2024. Martin BUTHAUD<\/strong>. La simulati\u03bfn du m\u03bfnde : le jeu vid\u00e9\u03bf c\u03bfmme principe et \u03bfutil d&rsquo;explicati\u03bfn du r\u00e9el. Th\u00e8se de doctorat en Philosophie, \u00e9pist\u00e9mologie des sciences \u00e0 l\u2019universit\u00e9 Rouen Normandie, sous la direction de Franck Varenne, professeur \u00e0 l\u2019Universit\u00e9 de Rouen Normandie, D\u00e9partement de Philosophie.<br \/>\nR\u00f4le : examinatrice<\/p>\n<p><strong>2023. Line ROSIER<\/strong>. <em>Impolitesse et strat\u00e9gies communicationnelles chez les adolescents et les jeunes adultes en situation de jeux vid\u00e9o<\/em>. Th\u00e8se de doctorat de Sciences du Langage \u00e0 l\u2019Universit\u00e9 de Moncton (Canada), sous la direction Sylvia Kasparian, professeure titulaire \u00e0 l\u2019universit\u00e9 de Moncton, D\u00e9partement d\u2019\u00e9tudes fran\u00e7aises.<br \/>\nR\u00f4le : rapporteur<\/p>\n<p><strong>2022. Nafiseh SHIRVANI<\/strong>. <em>Analyse contrastive des expressions idiomatiques en fran\u00e7ais et en persan<\/em>. Th\u00e8se de doctorat de Sciences du Langage \u00e0 l\u2019Universit\u00e9 Lumi\u00e8re Lyon 2, sous la direction de Hugues Constantin De Chanay, professeur \u00e0 Lyon 2, Laboratoire ICAR.<br \/>\nR\u00f4le : pr\u00e9sidente du jury.<\/p>\n<p><strong>2015. Wei-Ching CHEN.<\/strong><em><strong>\u00a0<\/strong>Les interactions verbales au cours du repas : analyse de la co-construction des activit\u00e9s de \u00ab manger et parler \u00bb.<\/em> Th\u00e8se de doctorat de Sciences du Langage \u00e0 l\u2019Universit\u00e9 Lumi\u00e8re Lyon 2, sous la direction de V\u00e9ronique Traverso, Dir. recherche CNRS, laboratoire ICAR.<br \/>\nR\u00f4le\u00a0: examinatrice<\/p>\n<h1>M\u00e9moires de Master <em>(Co)-Direction<\/em><\/h1>\n<p>J&rsquo;ai (co-)encadr\u00e9 des m\u00e9moires de Master dans les parcours de Sciences du langage (Lyon 2), d&rsquo;Humanit\u00e9s num\u00e9riques (ENS Lyon\/Lyon 2), de Lettres Modernes (Lyon 2), de Sciences cognitives (ENS Lyon), et d&rsquo;Orthophonie (Lyon 1).<\/p>\n<p><strong>2024-2025<\/strong><\/p>\n<p><strong>2023-2024<\/strong><\/p>\n<p><strong>2022-2023<\/strong><\/p>\n<ol>\n<li>Cyrielle BRUNEAU. Orthophonie \u00e0 l\u2019ISTR (Universit\u00e9 Lyon 1). <em>Effets de diff\u00e9rents types de support r\u00e9\u00e9ducatif (activit\u00e9 papier vs activit\u00e9 \u00e9cran) sur quelques \u00e9l\u00e9ments de communication : \u00e9tude d\u2019un cas unique<\/em>. <span style=\"color: #cc99ff;\">(co-dirig\u00e9 avec H. Baldauf-Quilliatre &amp; C. Grossard)<\/span>.<\/li>\n<\/ol>\n<p><strong>2021-2022<\/strong><\/p>\n<ol>\n<li>Emilie BOYER. Orthophonie \u00e0 l\u2019ISTR (Universit\u00e9 Lyon 1). <em>L\u2019adolescent, le jeu et la prise en soin orthophonique<\/em>. Dossier de R\u00e9flexion Th\u00e9matique en Orthophonie (DRTO).\u00a0 <span style=\"color: #cc99ff;\">(co-dirig\u00e9 avec H. Baldauf-Quilliatre)<\/span>.<\/li>\n<li>Cyrielle BRUNEAU. Orthophonie \u00e0 l\u2019ISTR (Universit\u00e9 Lyon 1). <em>L\u2019adolescent, le jeu et la prise en soin orthophonique<\/em>. Dossier de R\u00e9flexion Th\u00e9matique en Orthophonie (DRTO). (<span style=\"color: #cc99ff;\">co-dirig\u00e9 avec H. Baldauf-Quilliatre)<\/span>.<\/li>\n<\/ol>\n<p><strong>2020-2021<\/strong><\/p>\n<ol>\n<li>Thomas FRANCO-PINTO. Master 2 Sciences du Langage. <em>Le joueur, l&rsquo;avatar, l&rsquo;immersion : analyse interactionnelle.<\/em> <span style=\"color: #cc99ff;\">(co-dirig\u00e9 avec H. Baldauf-Quilliatre).<\/span><\/li>\n<li>Ayla YILDIRIM. Master 2 Sciences du Langage. <em>Alternance codique, ses effets socialisateurs et alignement interactif : Etude de cas d\u2019une interaction bilingue en famille.<\/em> <span style=\"color: #cc99ff;\">(co-dirig\u00e9 avec A. Ghimenton)<\/span>.<\/li>\n<li>Erdem TATAR. Master 2 Sciences du Langage. <em>Implication \u00e9motionnelle et posture empathique chez l&rsquo;interpr\u00e8te en psychoth\u00e9rapie exolingue<\/em>.<\/li>\n<\/ol>\n<p><strong>2019-2020<\/strong><\/p>\n<ol>\n<li>Laura KULEA. Master 2 Sciences du Langage. <em>Analyse interactionnelle des occurrences de la particule <\/em>nou <em>dans le cadre de la communication \u00e9crite informelle en russe sur WhatsApp<\/em>. <span style=\"color: #cc99ff;\">(co-dirig\u00e9 avec E. Chernyshova)<\/span>.<\/li>\n<li>Simge \u00d6KS\u00dcM. Master 1 Sciences Cognitives. <em>Effect of Stimuli Determined Gesture Threshold on Gesture Rate. Embodied Language &amp; Gesture as Simulated Action (GSA) Framework<\/em>. <span style=\"color: #cc99ff;\">(co-dirig\u00e9 avec K. Lund). <\/span><\/li>\n<\/ol>\n<p><strong>2018-2019<\/strong><\/p>\n<ol>\n<li>Malaury CECILLON. Master 2 Sciences du Langage. <em>La gestion du discours et de l\u2019\u00e9tat \u00e9motionnel de patients Alzheimer : analyse d\u2019une situation exp\u00e9rimentale entre soignants \u2013 soign\u00e9.<\/em><\/li>\n<li>Thomas BRUNEL. Master 2 Lettres modernes. <em>Les enjeux de la forme textuelle dans les jeux vid\u00e9o narratifs : repr\u00e9sentations et pratiques<\/em>\u00a0<span style=\"color: #cc99ff;\">(co-dirig\u00e9 avec P. Basso Fossali)<\/span>.<\/li>\n<li>Lahc\u00e8ne BRAHMI. Master 2 Humanit\u00e9s Num\u00e9riques. <em>Les conditions socio-culturelles de l\u2019appropriation des objets techniques. Cas : L\u2019association d\u2019insertion ESTIME<\/em>.<\/li>\n<\/ol>\n<p class=\"entry\"><strong>2017-2018<\/strong><\/p>\n<ol>\n<li class=\"entry\">Sonia MESSAOUDI. Master 2\u00a0Sciences du Langage.<\/li>\n<li>Thomas BRUNEL. Master 1 Lettres Modernes. <em>Les m\u00e9caniques ludo-narratives dans le mod\u00e8le narratif du <\/em>Role Playing Game<em> \u00e0 travers l&rsquo;exemple de <\/em>Skyrim<em>.\u00a0<\/em><\/li>\n<li>C\u00e9line ALLOYEAU. Master 2 Orthophonie. <em>Strat\u00e9gies de communication efficaces utilis\u00e9es entre une personne atteinte de la maladie d&rsquo;Alzheimer au stade s\u00e9v\u00e8re et son aidant, formel ou informel, en interaction lors d&rsquo;activit\u00e9s de la vie quotidienne : une revue syst\u00e9matique de la litt\u00e9rature.<\/em> Universit\u00e9 Lyon 1.<\/li>\n<li>Yohann HAETTICH. Master 2 Humanit\u00e9s Num\u00e9riques. <em>Essai d\u2019\u00e9pist\u00e9mologie en data-visualisation : La m\u00e9thodologie de tra\u00e7age et la repr\u00e9sentation cartographique de donn\u00e9es. Etude de cas \u00e0 partir d\u2019une \u00e9tude en sociolinguistique<\/em>.<\/li>\n<li>Thomas BRUNEL, 2018. Master 1 Lettres Modernes<em> Les m\u00e9caniques ludo-narratives dans le mod\u00e8le narratif du\u00a0<\/em>Role Playing Game<em>\u00a0\u00e0 travers l\u2019exemple de\u00a0<\/em>Skyrim<\/li>\n<\/ol>\n<p class=\"entry\" style=\"text-align: left;\"><strong>2016-2017<\/strong><\/p>\n<ol>\n<li>Sonia MESSAOUDI. Master 1\u00a0Sciences du Langage. <em>Strat\u00e9gies de communications chez les enfants de familles alg\u00e9riennes en France.<\/em><\/li>\n<li>Louis MARITAUD. Master 2 Sciences du Langage. <em>\u00ab\u00a0Ce qu&rsquo;elle r\u00e9pond, c&rsquo;est&#8230;\u00a0\u00bb : le discours repr\u00e9sent\u00e9 et l&rsquo;interpr\u00e9tation dans les interactions patient Alzheimer-aidant-soignant. Perspectives interactionnelles et s\u00e9miotiques.<\/em><\/li>\n<li>Amine NEZZAR. Master 2 Sciences du Langage. <em>Le ph\u00e9nom\u00e8ne du code-switching et ses apports didactiques entre joueurs de jeux vid\u00e9o en ligne<\/em>.\u00a0<span style=\"color: #cc99ff;\">(co-dirig\u00e9 avec E. Duthoit)<\/span>.<\/li>\n<\/ol>\n<p class=\"entry\" style=\"text-align: left;\"><strong>2015-2016<\/strong><\/p>\n<ol>\n<li>Lucas PEYRONNET. Master 1 Sciences du Langage.\u00a0<em>Etudes de l&rsquo;impact des formes narratives et des d\u00e9ploiements textuels de l&rsquo;orateur sur la production s\u00e9miotique de l&rsquo;auditoire en situation d&rsquo;allocution partisane.<\/em><\/li>\n<li>Louis MARITAUD. Master 1\u00a0Sciences du Langage. <em>Le traitement de l&rsquo;absent en interaction.<\/em><\/li>\n<li>Meriem AREZKI. Master 1\u00a0Sciences du Langage.\u00a0<em>Alternance codique Kabyle\u00a0\/ Arabe dialectal \/ Fran\u00e7ais dans une conversation spontan\u00e9e bilingue \/ trilingue de locuteur(s) Alg\u00e9rien(s).<\/em><\/li>\n<li>Alice KNEIP. Master 2 Pro Sciences du Langage.\u00a0<em>L&rsquo;Ethos professionnel chez Spring France<\/em>.<\/li>\n<li>Sabrina RIGHI. Master 2 Sciences du Langage. <em>Etude des variations linguistiques utilis\u00e9es par les internautes alg\u00e9riens sur les r\u00e9seaux sociaux : le cas de Facebook.\u00a0<\/em><\/li>\n<\/ol>\n<p class=\"entry\" style=\"text-align: left;\"><strong>2014-2015<br \/>\n<\/strong><\/p>\n<ol>\n<li>Eva LIKAR, Master 2 Pro\u00a0Sciences du Langage. <em>Co-construction d\u2019un \u00e9v\u00e9nement dans un environnement bilingue.<\/em><\/li>\n<li>Simiao YANG, Master 2 Pro\u00a0Sciences du Langage. <em>Des ph\u00e9nom\u00e8nes linguistiques sur la n\u00e9gociation en r\u00e9union.<\/em><\/li>\n<li>Emi MASUMIYA, Master 2 Pro Sciences du Langage. <em>Au sens de l\u2019entreprise \u00ab\u00a0Live\u00a0! by GL events\u00a0\u00bb. Comment changer le sujet dans une r\u00e9union\u00a0?<\/em><\/li>\n<li>Xiaohong MURONG, Master 2 Sciences du Langage. <em>Analyse des s\u00e9quences d\u2019aide dans une situation d\u2019apprentissage du FLE en ligne<\/em>.<span style=\"color: #cc99ff;\"> (co-dirig\u00e9 avec N. Guichon &amp; E. Duthoit).<\/span><\/li>\n<li>Dalal AL-RIYAMI, Master 1\u00a0Sciences du Langage.\u00a0<em>Comparaison entre deux manuels de FLE et la base CLAPI.<\/em><span style=\"color: #cc99ff;\"> (co-dirig\u00e9 avec V. Traverso).<\/span><\/li>\n<\/ol>\n<p class=\"entry\" style=\"text-align: left;\"><strong class=\"entry\">2013-2014<\/strong><\/p>\n<ol>\n<li>Amine NEZZAR, Master 1 Sciences du Langage. <em>L&rsquo;alternance codique dans les interactions de jeux vid\u00e9o en ligne.<\/em><\/li>\n<li>Alice KNEIP, Master 1 Sciences du Langage. <em>La saillance perceptuelle dans les interactions professionnelles. <\/em><span style=\"color: #cc99ff;\">(co-dirig\u00e9 avec H. de Chanay).<\/span><\/li>\n<li>Oph\u00e9lie DAUMERIES, Master 2 Sciences du Langage. A<em>nalyse interactionnelle du r\u00f4le du partenaire de communication dans ses \u00e9changes avec la personne aphasique : un travail de co-construction.<\/em> <span style=\"color: #cc99ff;\">(co-dirig\u00e9 avec V. Traverso)<\/span><span style=\"color: #cc99ff;\">.<\/span><\/li>\n<li>C\u00e9cile VIVION et Sandrine TRON , Master d&rsquo;orthophonie \u00e0 l&rsquo;ISTR (Universit\u00e9 Lyon 1). <em>La variabilit\u00e9 des \u00e9changes conversationnels de la personne aphasique selon son interlocuteur : \u00e9tude de cas.<\/em> <span style=\"color: #cc99ff;\">(co-dirig\u00e9 avec A. Peillon).<\/span><\/li>\n<\/ol>\n<p class=\"entry\" style=\"text-align: left;\"><strong class=\"entry\">2012-2013<\/strong><\/p>\n<ol>\n<li>Leila BEDOUI-HADRI, Master 1 Sciences du Langage.<em> L&rsquo;usage de la reformulation dans les interactions avec des personnes aphasiques<\/em>.<span style=\"color: #cc99ff;\"> (co-dirig\u00e9 avec S. Teston-Bonnard).<\/span><\/li>\n<li>Oph\u00e9lie DAUMERIES, Master 1 Sciences du Langage. <em>Corpus Aphasie, le trilogue \u00ab\u00a0kin\u00e9\/patient\/m\u00e9decin\u00a0\u00bb.<\/em> <span style=\"color: #cc99ff;\">(co-dirig\u00e9 avec V. Traverso).<\/span><\/li>\n<\/ol>\n<h1>Encadrement de stages \u00e0 ICAR<i><\/i><\/h1>\n<p>J&rsquo;ai encadr\u00e9 des stages de Master dans les parcours<\/p>\n<p><strong>Sciences du langage (Lyon 2)<\/strong><\/p>\n<ol>\n<li>Louis MARITAUD. Master 2 Sciences du Langage. <em>\u00ab\u00a0Ce qu&rsquo;elle r\u00e9pond, c&rsquo;est&#8230;\u00a0\u00bb : le discours repr\u00e9sent\u00e9 et l&rsquo;interpr\u00e9tation dans les interactions patient Alzheimer-aidant-soignant. Perspectives interactionnelles et s\u00e9miotiques.<\/em><\/li>\n<li>Amine NEZZAR. Master 2 Sciences du Langage. <em>Le ph\u00e9nom\u00e8ne du code-switching et ses apports didactiques entre joueurs de jeux vid\u00e9o en ligne<\/em>.<\/li>\n<li class=\"entry\">Sonia MESSAOUDI. Master 2\u00a0Sciences du Langage.<\/li>\n<li>Malaury CECILLON. Master 2 Sciences du Langage. <em>La gestion du discours et de l\u2019\u00e9tat \u00e9motionnel de patients Alzheimer : analyse d\u2019une situation exp\u00e9rimentale entre soignants \u2013 soign\u00e9.<\/em><\/li>\n<li>Thomas FRANCO-PINTO. Master 2 Sciences du Langage. <em>Le joueur, l&rsquo;avatar, l&rsquo;immersion : analyse interactionnelle.<\/em> <span style=\"color: #cc99ff;\">(co-dirig\u00e9 avec H. Baldauf-Quilliatre).<\/span><\/li>\n<li>Ayla YILDIRIM. Master 2 Sciences du Langage. <em>Alternance codique, ses effets socialisateurs et alignement interactif : Etude de cas d\u2019une interaction bilingue en famille.<\/em> <span style=\"color: #cc99ff;\">(co-dirig\u00e9 avec A. Ghimenton)<\/span>.<\/li>\n<li>Erdem TATAR. Master 2 Sciences du Langage. <em>Implication \u00e9motionnelle et posture empathique chez l&rsquo;interpr\u00e8te en psychoth\u00e9rapie exolingue<\/em>.<\/li>\n<li><\/li>\n<\/ol>\n<p><strong>Humanit\u00e9s num\u00e9riques (ENS de Lyon\/Lyon 2)<\/strong><\/p>\n<p><strong>Lettres Modernes (Lyon 2)<\/strong><\/p>\n<ol>\n<li>Thomas BRUNEL. Master 1 Lettres Modernes. <em>Les m\u00e9caniques ludo-narratives dans le mod\u00e8le narratif du <\/em>Role Playing Game<em> \u00e0 travers l&rsquo;exemple de <\/em>Skyrim<em>.\u00a0<\/em><\/li>\n<\/ol>\n<p><strong>Sciences cognitives (ENS de Lyon)<\/strong><\/p>\n<p><strong>Philosophie (ENS de Lyon)<\/strong><\/p>\n<p><strong>Orthophonie (Lyon 1).<\/strong><\/p>\n<ol>\n<li class=\"entry\">C\u00e9line ALLOYEAU. Master 2 Orthophonie. <em>Strat\u00e9gies de communication efficaces utilis\u00e9es entre une personne atteinte de la maladie d&rsquo;Alzheimer au stade s\u00e9v\u00e8re et son aidant, formel ou informel, en interaction lors d&rsquo;activit\u00e9s de la vie quotidienne : une revue syst\u00e9matique de la litt\u00e9rature.<\/em> Universit\u00e9 Lyon 1.<\/li>\n<\/ol>\n","protected":false},"excerpt":{"rendered":"<p>Th\u00e8ses de doctorat Encadrements 2022-2025. Thomas FRANCO PINTO, th\u00e8se en cours. Sciences du Langage.\u00a0Les strat\u00e9gies interactionnelles et multimodales d\u00e9velopp\u00e9es par les enfants Dys et leur famille dans l&rsquo;exp\u00e9rience d&rsquo;un jeu de soci\u00e9t\u00e9 de complexit\u00e9 moyenne. Contrat CIFRE avec Asmodee Research, Game in Lab. (co-dirig\u00e9 avec H. Baldauf-Quilliatre). 2018- 2022. Louis MARITAUD. La comp\u00e9tence d\u2019interaction des [&hellip;]<\/p>\n","protected":false},"author":1,"featured_media":0,"parent":11,"menu_order":0,"comment_status":"closed","ping_status":"closed","template":"","meta":{"footnotes":""},"class_list":["post-131","page","type-page","status-publish","hentry"],"_links":{"self":[{"href":"https:\/\/perso.ens-lyon.fr\/isabelle.colondecarvajal\/pro\/index.php?rest_route=\/wp\/v2\/pages\/131","targetHints":{"allow":["GET"]}}],"collection":[{"href":"https:\/\/perso.ens-lyon.fr\/isabelle.colondecarvajal\/pro\/index.php?rest_route=\/wp\/v2\/pages"}],"about":[{"href":"https:\/\/perso.ens-lyon.fr\/isabelle.colondecarvajal\/pro\/index.php?rest_route=\/wp\/v2\/types\/page"}],"author":[{"embeddable":true,"href":"https:\/\/perso.ens-lyon.fr\/isabelle.colondecarvajal\/pro\/index.php?rest_route=\/wp\/v2\/users\/1"}],"replies":[{"embeddable":true,"href":"https:\/\/perso.ens-lyon.fr\/isabelle.colondecarvajal\/pro\/index.php?rest_route=%2Fwp%2Fv2%2Fcomments&post=131"}],"version-history":[{"count":55,"href":"https:\/\/perso.ens-lyon.fr\/isabelle.colondecarvajal\/pro\/index.php?rest_route=\/wp\/v2\/pages\/131\/revisions"}],"predecessor-version":[{"id":771,"href":"https:\/\/perso.ens-lyon.fr\/isabelle.colondecarvajal\/pro\/index.php?rest_route=\/wp\/v2\/pages\/131\/revisions\/771"}],"up":[{"embeddable":true,"href":"https:\/\/perso.ens-lyon.fr\/isabelle.colondecarvajal\/pro\/index.php?rest_route=\/wp\/v2\/pages\/11"}],"wp:attachment":[{"href":"https:\/\/perso.ens-lyon.fr\/isabelle.colondecarvajal\/pro\/index.php?rest_route=%2Fwp%2Fv2%2Fmedia&parent=131"}],"curies":[{"name":"wp","href":"https:\/\/api.w.org\/{rel}","templated":true}]}}