{"id":2,"date":"2021-01-21T09:20:54","date_gmt":"2021-01-21T08:20:54","guid":{"rendered":"https:\/\/perso.ens-lyon.fr\/julie.bordier\/?page_id=2"},"modified":"2021-02-25T08:25:05","modified_gmt":"2021-02-25T07:25:05","slug":"a-propos","status":"publish","type":"page","link":"https:\/\/perso.ens-lyon.fr\/julie.bordier\/a-propos\/","title":{"rendered":"\u00c0 propos"},"content":{"rendered":"<p style=\"text-align: center;\">Je m&rsquo;appelle Julie et j&rsquo;aime le chocolat chaud, surtout quand il est \u00e9pais et accompagn\u00e9 de churros, les livres et les langues \u00e9trang\u00e8res.<\/p>\n<p style=\"text-align: center;\">\u00c9tudiante de Master en \u00e9tudes hispanophones, je suis en ann\u00e9e d&rsquo;Erasmus \u00e0 Salamanque, en Castilla y Le\u00f3n, et sur cette petite \u00eele virtuelle je parle de mes d\u00e9couvertes litt\u00e9raires, musicales et de mes d\u00e9ambulations espagnoles.<\/p>\n","protected":false},"excerpt":{"rendered":"<p>Je m&rsquo;appelle Julie et j&rsquo;aime le chocolat chaud, surtout quand il est \u00e9pais et accompagn\u00e9 de churros, les livres et les langues \u00e9trang\u00e8res. \u00c9tudiante de Master en \u00e9tudes hispanophones, je suis en ann\u00e9e d&rsquo;Erasmus \u00e0 Salamanque, en Castilla y Le\u00f3n,&#8230;<\/p>\n","protected":false},"author":1,"featured_media":0,"parent":0,"menu_order":0,"comment_status":"closed","ping_status":"open","template":"","meta":{"footnotes":""},"class_list":["post-2","page","type-page","status-publish","hentry"],"_links":{"self":[{"href":"https:\/\/perso.ens-lyon.fr\/julie.bordier\/wp-json\/wp\/v2\/pages\/2","targetHints":{"allow":["GET"]}}],"collection":[{"href":"https:\/\/perso.ens-lyon.fr\/julie.bordier\/wp-json\/wp\/v2\/pages"}],"about":[{"href":"https:\/\/perso.ens-lyon.fr\/julie.bordier\/wp-json\/wp\/v2\/types\/page"}],"author":[{"embeddable":true,"href":"https:\/\/perso.ens-lyon.fr\/julie.bordier\/wp-json\/wp\/v2\/users\/1"}],"replies":[{"embeddable":true,"href":"https:\/\/perso.ens-lyon.fr\/julie.bordier\/wp-json\/wp\/v2\/comments?post=2"}],"version-history":[{"count":7,"href":"https:\/\/perso.ens-lyon.fr\/julie.bordier\/wp-json\/wp\/v2\/pages\/2\/revisions"}],"predecessor-version":[{"id":51,"href":"https:\/\/perso.ens-lyon.fr\/julie.bordier\/wp-json\/wp\/v2\/pages\/2\/revisions\/51"}],"wp:attachment":[{"href":"https:\/\/perso.ens-lyon.fr\/julie.bordier\/wp-json\/wp\/v2\/media?parent=2"}],"curies":[{"name":"wp","href":"https:\/\/api.w.org\/{rel}","templated":true}]}}