{"id":729,"date":"2017-05-23T15:48:15","date_gmt":"2017-05-23T13:48:15","guid":{"rendered":"http:\/\/perso.ens-lyon.fr\/lise.vaudor\/?page_id=729"},"modified":"2017-05-23T16:46:04","modified_gmt":"2017-05-23T14:46:04","slug":"plan-du-site","status":"publish","type":"page","link":"https:\/\/perso.ens-lyon.fr\/lise.vaudor\/plan-du-site\/","title":{"rendered":"Plan du site"},"content":{"rendered":"<div class=\"toc_sitemap\"><h3 class=\"toc_sitemap_pages\">Pages<\/h3><ul class=\"toc_sitemap_pages_list\"><li class=\"page_item page-item-1165\"><a href=\"https:\/\/perso.ens-lyon.fr\/lise.vaudor\/a-propos\/\">A propos<\/a><\/li>\n<li class=\"page_item page-item-1000\"><a href=\"https:\/\/perso.ens-lyon.fr\/lise.vaudor\/formation-geonum\/\">Formation GeoNum<\/a><\/li>\n<li class=\"page_item page-item-879\"><a href=\"https:\/\/perso.ens-lyon.fr\/lise.vaudor\/tuto-shiny\/\">Formation Shiny<\/a><\/li>\n<li class=\"page_item page-item-934\"><a href=\"https:\/\/perso.ens-lyon.fr\/lise.vaudor\/tuto-texte\/\">Formation Textometrie<\/a><\/li>\n<li class=\"page_item page-item-556\"><a href=\"https:\/\/perso.ens-lyon.fr\/lise.vaudor\/formations\/\">Formations R<\/a><\/li>\n<li class=\"page_item page-item-1404\"><a href=\"https:\/\/perso.ens-lyon.fr\/lise.vaudor\/formations-stats\/\">Formations Stats<\/a><\/li>\n<li class=\"page_item page-item-525\"><a href=\"https:\/\/perso.ens-lyon.fr\/lise.vaudor\/graphit\/\">GraphiT<\/a><\/li>\n<li class=\"page_item page-item-736\"><a href=\"https:\/\/perso.ens-lyon.fr\/lise.vaudor\/how-to-cite\/\">How-to-cite<\/a><\/li>\n<li class=\"page_item page-item-1061\"><a href=\"https:\/\/perso.ens-lyon.fr\/lise.vaudor\/le-descriptoire\/\">le Descriptoire (Texte)<\/a><\/li>\n<li class=\"page_item page-item-914\"><a href=\"https:\/\/perso.ens-lyon.fr\/lise.vaudor\/grimoire\/\">Le Grimoire (Stat)<\/a><\/li>\n<li class=\"page_item page-item-1151\"><a href=\"https:\/\/perso.ens-lyon.fr\/lise.vaudor\/bib\/\">Ma biblio<\/a><\/li>\n<li class=\"page_item page-item-660\"><a href=\"https:\/\/perso.ens-lyon.fr\/lise.vaudor\/applis-en-ligne\/\">packages\/applis<\/a><\/li>\n<li class=\"page_item page-item-729\"><a href=\"https:\/\/perso.ens-lyon.fr\/lise.vaudor\/plan-du-site\/\">Plan du site<\/a><\/li>\n<li class=\"page_item page-item-2\"><a href=\"https:\/\/perso.ens-lyon.fr\/lise.vaudor\/page-d-exemple\/\">Qui suis-je<\/a><\/li>\n<li class=\"page_item page-item-482\"><a href=\"https:\/\/perso.ens-lyon.fr\/lise.vaudor\/the-wavelet-toolkat\/\">The Wavelet ToolKat<\/a><\/li>\n<li class=\"page_item page-item-943\"><a href=\"https:\/\/perso.ens-lyon.fr\/lise.vaudor\/tuto-ondelettes\/\">Tuto Ondelettes<\/a><\/li>\n<li class=\"page_item page-item-924\"><a href=\"https:\/\/perso.ens-lyon.fr\/lise.vaudor\/tutosformations\/\">Tutos\/Formations<\/a><\/li>\n<li class=\"page_item page-item-1213\"><a href=\"https:\/\/perso.ens-lyon.fr\/lise.vaudor\/videos\/\">Vid\u00e9os<\/a><\/li>\n<\/ul><\/div>\n<div class=\"toc_sitemap_posts_section\"><p class=\"toc_sitemap_posts_letter\">a<\/p><ul class=\"toc_sitemap_posts_list\"><li><a href=\"https:\/\/perso.ens-lyon.fr\/lise.vaudor\/acp\/\">ACP<\/a><\/li><li><a href=\"https:\/\/perso.ens-lyon.fr\/lise.vaudor\/ajustement-distribution\/\">Ajuster un mod\u00e8le de distribution \u00e0 des donn\u00e9es<\/a><\/li><li><a href=\"https:\/\/perso.ens-lyon.fr\/lise.vaudor\/analyse-multi-resolution-dune-serie-a-travers-les-ondelettes-discretes\/\">Analyse multi-r\u00e9solution d&rsquo;une s\u00e9rie \u00e0 travers les ondelettes discr\u00e8tes<\/a><\/li><li><a href=\"https:\/\/perso.ens-lyon.fr\/lise.vaudor\/autocorrelation-de-series-temporelles-ou-spatiales\/\">Autocorr\u00e9lation de s\u00e9ries temporelles ou spatiales<\/a><\/li><\/ul><\/div><div class=\"toc_sitemap_posts_section\"><p class=\"toc_sitemap_posts_letter\">c<\/p><ul class=\"toc_sitemap_posts_list\"><li><a href=\"https:\/\/perso.ens-lyon.fr\/lise.vaudor\/cest-donc-a-ca-que-ca-sert-plotly-pour-r\/\">C&rsquo;est donc \u00e0 \u00e7a que \u00e7a sert, plotly pour R?<\/a><\/li><li><a href=\"https:\/\/perso.ens-lyon.fr\/lise.vaudor\/aire-entre-deux-courbes\/\">Calculer une aire entre deux courbes<\/a><\/li><li><a href=\"https:\/\/perso.ens-lyon.fr\/lise.vaudor\/certains-packages-sont-comme-des-fleurs\/\">Certains packages sont comme des fleurs<\/a><\/li><li><a href=\"https:\/\/perso.ens-lyon.fr\/lise.vaudor\/classification-ascendante-hierarchique\/\">Classification ascendante hi\u00e9rarchique<\/a><\/li><li><a href=\"https:\/\/perso.ens-lyon.fr\/lise.vaudor\/classification-par-arbres-decisionnels\/\">Classification par arbres d\u00e9cisionnels<\/a><\/li><li><a href=\"https:\/\/perso.ens-lyon.fr\/lise.vaudor\/classification-par-forets-aleatoires\/\">Classification par for\u00eats al\u00e9atoires<\/a><\/li><li><a href=\"https:\/\/perso.ens-lyon.fr\/lise.vaudor\/combinaisons-et-jointures-de-tables-avec-dplyr\/\">Combinaisons et jointures de tables, avec dplyr!<\/a><\/li><li><a href=\"https:\/\/perso.ens-lyon.fr\/lise.vaudor\/comment-utiliser-un-modele-bayesien-pour-les-nuls\/\">Comment utiliser un mod\u00e8le bay\u00e9sien (pour les nuls)<\/a><\/li><li><a href=\"https:\/\/perso.ens-lyon.fr\/lise.vaudor\/comprendre-le-theoreme-de-bayes\/\">Comprendre le th\u00e9or\u00e8me de Bayes<\/a><\/li><li><a href=\"https:\/\/perso.ens-lyon.fr\/lise.vaudor\/creation-dun-package-r\/\">Cr\u00e9ation d&rsquo;un package R<\/a><\/li><li><a href=\"https:\/\/perso.ens-lyon.fr\/lise.vaudor\/creer-une-interface-clique-boutons-sous-r\/\">Cr\u00e9er une interface \u00ab\u00a0clique-boutons\u00a0\u00bb sous R<\/a><\/li><\/ul><\/div><div class=\"toc_sitemap_posts_section\"><p class=\"toc_sitemap_posts_letter\">d<\/p><ul class=\"toc_sitemap_posts_list\"><li><a href=\"https:\/\/perso.ens-lyon.fr\/lise.vaudor\/des-graphes-bien-jolis\/\">Des graphes bien jolis<\/a><\/li><li><a href=\"https:\/\/perso.ens-lyon.fr\/lise.vaudor\/des-graphes-bien-peignes\/\">Des graphes bien peign\u00e9s<\/a><\/li><li><a href=\"https:\/\/perso.ens-lyon.fr\/lise.vaudor\/detection-automatique-de-ruptures-dans-un-signal-package-changepoint\/\">D\u00e9tection automatique de ruptures dans un signal: package changepoint<\/a><\/li><li><a href=\"https:\/\/perso.ens-lyon.fr\/lise.vaudor\/dplyr\/\">dplyr: package magique pour manipuler ses tableaux de donn\u00e9es<\/a><\/li><\/ul><\/div><div class=\"toc_sitemap_posts_section\"><p class=\"toc_sitemap_posts_letter\">e<\/p><ul class=\"toc_sitemap_posts_list\"><li><a href=\"https:\/\/perso.ens-lyon.fr\/lise.vaudor\/expliquer-les-tests-statistiques-avec-le-package-infer\/\">Expliquer les tests statistiques avec le package infer<\/a><\/li><\/ul><\/div><div class=\"toc_sitemap_posts_section\"><p class=\"toc_sitemap_posts_letter\">f<\/p><ul class=\"toc_sitemap_posts_list\"><li><a href=\"https:\/\/perso.ens-lyon.fr\/lise.vaudor\/boucles-for\/\">Faire des boucles for dans R pour automatiser des t\u00e2ches<\/a><\/li><\/ul><\/div><div class=\"toc_sitemap_posts_section\"><p class=\"toc_sitemap_posts_letter\">g<\/p><ul class=\"toc_sitemap_posts_list\"><li><a href=\"https:\/\/perso.ens-lyon.fr\/lise.vaudor\/geocodage-sous-r-via-une-api\/\">G\u00e9ocodage sous R via une API<\/a><\/li><li><a href=\"https:\/\/perso.ens-lyon.fr\/lise.vaudor\/gerer-des-dates-avec-lubridate-un-jeu-denfant\/\">G\u00e9rer des dates avec lubridate: un jeu d&rsquo;enfant<\/a><\/li><li><a href=\"https:\/\/perso.ens-lyon.fr\/lise.vaudor\/dates\/\">G\u00e9rer des dates sous R<\/a><\/li><li><a href=\"https:\/\/perso.ens-lyon.fr\/lise.vaudor\/graphes-pour-la-visualisation-de-reseaux\/\">Graphes pour la visualisation de r\u00e9seaux<\/a><\/li><\/ul><\/div><div class=\"toc_sitemap_posts_section\"><p class=\"toc_sitemap_posts_letter\">i<\/p><ul class=\"toc_sitemap_posts_list\"><li><a href=\"https:\/\/perso.ens-lyon.fr\/lise.vaudor\/iterer-des-fonctions-avec-purrr\/\">It\u00e9ration de fonctions avec purrr<\/a><\/li><\/ul><\/div><div class=\"toc_sitemap_posts_section\"><p class=\"toc_sitemap_posts_letter\">j<\/p><ul class=\"toc_sitemap_posts_list\"><li><a href=\"https:\/\/perso.ens-lyon.fr\/lise.vaudor\/jamais-sans-ces-packages\/\">Jamais sans ces packages!<\/a><\/li><li><a href=\"https:\/\/perso.ens-lyon.fr\/lise.vaudor\/janitor-nettoie-moi-cette-table-et-que-ca-brille\/\">Janitor: nettoie-moi cette table (et qu&rsquo;elle brille!)<\/a><\/li><li><a href=\"https:\/\/perso.ens-lyon.fr\/lise.vaudor\/je-ne-suis-pas-un-robot\/\">Je ne suis pas un robot<\/a><\/li><\/ul><\/div><div class=\"toc_sitemap_posts_section\"><p class=\"toc_sitemap_posts_letter\">l<\/p><ul class=\"toc_sitemap_posts_list\"><li><a href=\"https:\/\/perso.ens-lyon.fr\/lise.vaudor\/le-blog-est-mort-vive-le-blog\/\">Le blog est mort. Vive le blog!<\/a><\/li><li><a href=\"https:\/\/perso.ens-lyon.fr\/lise.vaudor\/les-transformees-dondelettes-ou-comprendre-les-mysterieux-signaux-felins-grace-aux-maths\/\">Les transform\u00e9es d&rsquo;ondelettes, ou comprendre les myst\u00e9rieux signaux [f\u00e9lins] gr\u00e2ce aux maths<\/a><\/li><\/ul><\/div><div class=\"toc_sitemap_posts_section\"><p class=\"toc_sitemap_posts_letter\">m<\/p><ul class=\"toc_sitemap_posts_list\"><li><a href=\"https:\/\/perso.ens-lyon.fr\/lise.vaudor\/manipulation-de-facteurs-avec-forcats\/\">Manipulation de facteurs avec forcats<\/a><\/li><li><a href=\"https:\/\/perso.ens-lyon.fr\/lise.vaudor\/manipuler-des-strings-avec-r\/\">Manipuler des strings avec R<\/a><\/li><\/ul><\/div><div class=\"toc_sitemap_posts_section\"><p class=\"toc_sitemap_posts_letter\">n<\/p><ul class=\"toc_sitemap_posts_list\"><li><a href=\"https:\/\/perso.ens-lyon.fr\/lise.vaudor\/nettoyer-et-structurer-ses-donnees\/\">Nettoyer et structurer ses donn\u00e9es<\/a><\/li><li><a href=\"https:\/\/perso.ens-lyon.fr\/lise.vaudor\/non-respect-des-hypotheses-du-modele-lineaire-anova-regression-cest-grave-docteur\/\">Non-respect des hypoth\u00e8ses du mod\u00e8le lin\u00e9aire (ANOVA, r\u00e9gression): c&rsquo;est grave, docteur??<\/a><\/li><\/ul><\/div><div class=\"toc_sitemap_posts_section\"><p class=\"toc_sitemap_posts_letter\">p<\/p><ul class=\"toc_sitemap_posts_list\"><li><a href=\"https:\/\/perso.ens-lyon.fr\/lise.vaudor\/par-ici-les-beaux-graphiques-avec-ggplot2\/\">Par ici les beaux graphiques avec ggplot2<\/a><\/li><li><a href=\"https:\/\/perso.ens-lyon.fr\/lise.vaudor\/par-ici-les-jolies-cartes-avec-ggmap\/\">Par ici les jolies cartes avec ggmap<\/a><\/li><li><a href=\"https:\/\/perso.ens-lyon.fr\/lise.vaudor\/practice-makes-purrr-fect\/\">Practice makes purrr-fect<\/a><\/li><li><a href=\"https:\/\/perso.ens-lyon.fr\/lise.vaudor\/r-to-wordpress-via-markdown\/\">Publier du code R dans WordPress via Markdown<\/a><\/li><\/ul><\/div><div class=\"toc_sitemap_posts_section\"><p class=\"toc_sitemap_posts_letter\">r<\/p><ul class=\"toc_sitemap_posts_list\"><li><a href=\"https:\/\/perso.ens-lyon.fr\/lise.vaudor\/realiser-une-regression-logistique-avec-r\/\">R\u00e9aliser une r\u00e9gression logistique avec R<\/a><\/li><li><a href=\"https:\/\/perso.ens-lyon.fr\/lise.vaudor\/regression-lineaire-erreur-et-incertitude\/\">R\u00e9gression lin\u00e9aire: erreur et incertitude<\/a><\/li><li><a href=\"https:\/\/perso.ens-lyon.fr\/lise.vaudor\/regression-loess\/\">R\u00e9gression loess<\/a><\/li><\/ul><\/div><div class=\"toc_sitemap_posts_section\"><p class=\"toc_sitemap_posts_letter\">s<\/p><ul class=\"toc_sitemap_posts_list\"><li><a href=\"https:\/\/perso.ens-lyon.fr\/lise.vaudor\/scraper-wikipedia\/\">Scraper Wikipedia<\/a><\/li><li><a href=\"https:\/\/perso.ens-lyon.fr\/lise.vaudor\/se-souvenir-de-tout\/\">Se souvenir de tout<\/a><\/li><li><a href=\"https:\/\/perso.ens-lyon.fr\/lise.vaudor\/strings-et-expressions-regulieres\/\">Strings et expressions r\u00e9guli\u00e8res<\/a><\/li><\/ul><\/div><div class=\"toc_sitemap_posts_section\"><p class=\"toc_sitemap_posts_letter\">t<\/p><ul class=\"toc_sitemap_posts_list\"><li><a href=\"https:\/\/perso.ens-lyon.fr\/lise.vaudor\/test-de-wilcoxon-mann-whitney\/\">Test de Wilcoxon-Mann-Whitney<\/a><\/li><li><a href=\"https:\/\/perso.ens-lyon.fr\/lise.vaudor\/test-des-contrastes-de-scheffe\/\">Test des contrastes de Scheff\u00e9<\/a><\/li><li><a href=\"https:\/\/perso.ens-lyon.fr\/lise.vaudor\/torturer-ses-donnees-pour-les-faire-parler-cest-mal-oui-mais-pourquoi\/\">Torturer ses donn\u00e9es pour les faire parler, c&rsquo;est mal! (Oui, mais pourquoi?)<\/a><\/li><\/ul><\/div><div class=\"toc_sitemap_posts_section\"><p class=\"toc_sitemap_posts_letter\">u<\/p><ul class=\"toc_sitemap_posts_list\"><li><a href=\"https:\/\/perso.ens-lyon.fr\/lise.vaudor\/tapply\/\">Une fonction magique: tapply<\/a><\/li><li><a href=\"https:\/\/perso.ens-lyon.fr\/lise.vaudor\/utiliser-des-pipes-pour-enchainer-des-instructions\/\">Utiliser des pipes pour encha\u00eener des instructions<\/a><\/li><li><a href=\"https:\/\/perso.ens-lyon.fr\/lise.vaudor\/utiliser-un-package\/\">Utiliser un package<\/a><\/li><\/div>\n","protected":false},"excerpt":{"rendered":"","protected":false},"author":1,"featured_media":0,"parent":0,"menu_order":0,"comment_status":"closed","ping_status":"closed","template":"","meta":{"footnotes":""},"class_list":["post-729","page","type-page","status-publish","hentry"],"_links":{"self":[{"href":"https:\/\/perso.ens-lyon.fr\/lise.vaudor\/wp-json\/wp\/v2\/pages\/729","targetHints":{"allow":["GET"]}}],"collection":[{"href":"https:\/\/perso.ens-lyon.fr\/lise.vaudor\/wp-json\/wp\/v2\/pages"}],"about":[{"href":"https:\/\/perso.ens-lyon.fr\/lise.vaudor\/wp-json\/wp\/v2\/types\/page"}],"author":[{"embeddable":true,"href":"https:\/\/perso.ens-lyon.fr\/lise.vaudor\/wp-json\/wp\/v2\/users\/1"}],"replies":[{"embeddable":true,"href":"https:\/\/perso.ens-lyon.fr\/lise.vaudor\/wp-json\/wp\/v2\/comments?post=729"}],"version-history":[{"count":4,"href":"https:\/\/perso.ens-lyon.fr\/lise.vaudor\/wp-json\/wp\/v2\/pages\/729\/revisions"}],"predecessor-version":[{"id":735,"href":"https:\/\/perso.ens-lyon.fr\/lise.vaudor\/wp-json\/wp\/v2\/pages\/729\/revisions\/735"}],"wp:attachment":[{"href":"https:\/\/perso.ens-lyon.fr\/lise.vaudor\/wp-json\/wp\/v2\/media?parent=729"}],"curies":[{"name":"wp","href":"https:\/\/api.w.org\/{rel}","templated":true}]}}