{"id":736,"date":"2017-05-23T17:57:11","date_gmt":"2017-05-23T15:57:11","guid":{"rendered":"http:\/\/perso.ens-lyon.fr\/lise.vaudor\/?page_id=736"},"modified":"2017-05-23T18:07:59","modified_gmt":"2017-05-23T16:07:59","slug":"how-to-cite","status":"publish","type":"page","link":"https:\/\/perso.ens-lyon.fr\/lise.vaudor\/how-to-cite\/","title":{"rendered":"How-to-cite"},"content":{"rendered":"<p>Si ce blog ou un de ses billets vous \u00e9taient utiles, n&rsquo;h\u00e9sitez surtout pas \u00e0 m&rsquo;encourager \u00e0 poursuivre mon travail <em>en le citant<\/em> ;-).<\/p>\n<p>Voici comment proc\u00e9der:<\/p>\n<h1>En style \u00ab\u00a0Auteur-Date\u00a0\u00bb<\/h1>\n<p>Voil\u00e0 ce que cela donnerait en style Auteur-Date (\u00e0 votre charge de renseigner l&rsquo;ann\u00e9e, le titre et l&rsquo;URL en fonction du billet qui vous int\u00e9resse&#8230;):<\/p>\n<p>Vaudor, Lise. <em>ANNEE<\/em>. \u201cTITRE\u201d R-atique: Analyse de Donn\u00e9es Avec R. http:\/\/perso.ens-lyon.fr\/lise.vaudor\/URL.<\/p>\n<h1>En format BibTeX<\/h1>\n<p>En format BibTeX, ce serait quelque chose de ce genre:<\/p>\n<pre><code>@misc{\n    title = {TITRE},\n    url = {http:\/\/perso.ens-lyon.fr\/lise.vaudor\/URL\/},\n    journal = {R-atique: Analyse de donn\u00e9es avec R},\n    author = {Vaudor, Lise},\n    year = {ANNEE}\n}\n<\/code><\/pre>\n<p>Voici l&rsquo;ensemble des r\u00e9f\u00e9rences (en format BibTeX, toujours) pour tous les billets de ce blog:<\/p>\n<pre><code>@misc{vaudor_faire_2014,\n    title = {Faire des boucles for dans {R} pour automatiser des t\u00e2ches},\n    url = {http:\/\/perso.ens-lyon.fr\/lise.vaudor\/boucles-for\/},\n    journal = {R-atique: Analyse de donn\u00e9es avec R},\n    author = {Vaudor, Lise},\n    year = {2014}\n}\n\n@misc{vaudor_calculer_2014,\n    title = {Calculer une aire entre deux courbes},\n    url = {http:\/\/perso.ens-lyon.fr\/lise.vaudor\/aire-entre-deux-courbes\/},\n    journal = {R-atique: Analyse de donn\u00e9es avec R},\n    author = {Vaudor, Lise},\n    year = {2014}\n}\n\n@misc{vaudor_fonction_2014,\n    title = {Une fonction magique: tapply},\n    url = {http:\/\/perso.ens-lyon.fr\/lise.vaudor\/tapply\/},\n    journal = {R-atique: Analyse de donn\u00e9es avec R},\n    author = {Vaudor, Lise},\n    year = {2014}\n}\n\n@misc{vaudor_ajuster_2014,\n    title = {Ajuster un mod\u00e8le de distribution \u00e0 des donn\u00e9es},\n    url = {http:\/\/perso.ens-lyon.fr\/lise.vaudor\/ajustement_distribution\/\/},\n    journal = {R-atique: Analyse de donn\u00e9es avec R},\n    author = {Vaudor, Lise},\n    year = {2014}\n}\n\n@misc{vaudor_publier_2014,\n    title = {Publier du code {R} dans {Wordpress} via {Markdown}},\n    url = {http:\/\/perso.ens-lyon.fr\/lise.vaudor\/r-to-wordpress-via-markdown\/\/},\n    journal = {R-atique: Analyse de donn\u00e9es avec R},\n    author = {Vaudor, Lise},\n    year = {2014}\n}\n\n@misc{vaudor_classification_2014,\n    title = {Classification par arbres d\u00e9cisionnels},\n    url = {http:\/\/perso.ens-lyon.fr\/lise.vaudor\/classification-par-arbres-decisionnels\/},\n    journal = {R-atique: Analyse de donn\u00e9es avec R},\n    author = {Vaudor, Lise},\n    year = {2014}\n}\n\n@misc{vaudor_creer_2015,\n    title = {Cr\u00e9er une interface \"clique-boutons\" sous {R}},\n    url = {http:\/\/perso.ens-lyon.fr\/lise.vaudor\/creer-une-interface-clique-boutons-sous-r\/\/},\n    journal = {R-atique: Analyse de donn\u00e9es avec R},\n    author = {Vaudor, Lise},\n    year = {2015}\n}\n\n@misc{vaudor_test_2014,\n    title = {Test de {Wilcoxon}-{Mann}-{Whitney}},\n    url = {http:\/\/perso.ens-lyon.fr\/lise.vaudor\/test-de-wilcoxon-mann-whitney\/\/},\n    journal = {R-atique: Analyse de donn\u00e9es avec R},\n    author = {Vaudor, Lise},\n    year = {2014}\n}\n\n@misc{vaudor_regression_2015,\n    title = {R\u00e9gression lin\u00e9aire: erreur et incertitude},\n    url = {http:\/\/perso.ens-lyon.fr\/lise.vaudor\/regression-lineaire-erreur-et-incertitude\/\/},\n    journal = {R-atique: Analyse de donn\u00e9es avec R},\n    author = {Vaudor, Lise},\n    year = {2015}\n}\n\n@misc{vaudor_autocorrelation_2015,\n    title = {Autocorr\u00e9lation de s\u00e9ries temporelles ou spatiales},\n    url = {http:\/\/perso.ens-lyon.fr\/lise.vaudor\/autocorrelation-de-series-temporelles-ou-spatiales\/},\n    journal = {R-atique: Analyse de donn\u00e9es avec R},\n    author = {Vaudor, Lise},\n    year = {2015}\n}\n\n@misc{vaudor_non-respect_2015,\n    title = {Non-respect des hypoth\u00e8ses du mod\u00e8le lin\u00e9aire ({ANOVA}, r\u00e9gression): c'est grave, docteur??},\n    url = {http:\/\/perso.ens-lyon.fr\/lise.vaudor\/non-respect-des-hypotheses-du-modele-lineaire-anova-regression-cest-grave-docteur\/\/},\n    journal = {R-atique: Analyse de donn\u00e9es avec R},\n    author = {Vaudor, Lise},\n    year = {2015}\n}\n\n@misc{vaudor_detection_2015,\n    title = {D\u00e9tection automatique de ruptures dans un signal: package changepoint},\n    url = {http:\/\/perso.ens-lyon.fr\/lise.vaudor\/detection-automatique-de-ruptures-dans-un-signal-package-changepoint\/},\n    journal = {R-atique: Analyse de donn\u00e9es avec R},\n    author = {Vaudor, Lise},\n    year = {2015}\n}\n\n@misc{vaudor_test_2015,\n    title = {Test des contrastes de {Scheff\u00e9}},\n    url = {http:\/\/perso.ens-lyon.fr\/lise.vaudor\/test-des-contrastes-de-scheffe\/\/},\n    journal = {R-atique: Analyse de donn\u00e9es avec R},\n    author = {Vaudor, Lise},\n    year = {2015}\n}\n\n@misc{vaudor_realiser_2015,\n    title = {R\u00e9aliser une r\u00e9gression logistique avec {R}},\n    url = {http:\/\/perso.ens-lyon.fr\/lise.vaudor\/realiser-une-regression-logistique-avec-r\/},\n    journal = {R-atique: Analyse de donn\u00e9es avec R},\n    author = {Vaudor, Lise},\n    year = {2015}\n}\n\n@misc{vaudor_graphes_2015,\n    title = {Graphes pour la visualisation de r\u00e9seaux},\n    url = {http:\/\/perso.ens-lyon.fr\/lise.vaudor\/graphes-pour-la-visualisation-de-reseaux\/\/},\n    journal = {R-atique: Analyse de donn\u00e9es avec R},\n    author = {Vaudor, Lise},\n    year = {2015}\n}\n\n@misc{vaudor_regression_2015-1,\n    title = {R\u00e9gression loess},\n    url = {http:\/\/perso.ens-lyon.fr\/lise.vaudor\/regression-loess\/\/},\n    journal = {R-atique: Analyse de donn\u00e9es avec R},\n    author = {Vaudor, Lise},\n    year = {2015}\n}\n\n@misc{vaudor_par_2016,\n    title = {Par ici les beaux graphiques avec ggplot2},\n    url = {http:\/\/perso.ens-lyon.fr\/lise.vaudor\/par-ici-les-beaux-graphiques-avec-ggplot2\/},\n    journal = {R-atique: Analyse de donn\u00e9es avec R},\n    author = {Vaudor, Lise},\n    year = {2016}\n}\n\n@misc{vaudor_classification_2015,\n    title = {Classification par for\u00eats al\u00e9atoires},\n    url = {http:\/\/perso.ens-lyon.fr\/lise.vaudor\/classification-par-forets-aleatoires\/},\n    journal = {R-atique: Analyse de donn\u00e9es avec R},\n    author = {Vaudor, Lise},\n    year = {2015}\n}\n\n@misc{vaudor_creation_2016,\n    title = {Cr\u00e9ation d'un package {R}},\n    url = {http:\/\/perso.ens-lyon.fr\/lise.vaudor\/creation-dun-package-r\/},\n    journal = {R-atique: Analyse de donn\u00e9es avec R},\n    author = {Vaudor, Lise},\n    year = {2016}\n}\n\n@misc{vaudor_nettoyer_2016,\n    title = {Nettoyer et structurer ses donn\u00e9es},\n    url = {http:\/\/perso.ens-lyon.fr\/lise.vaudor\/nettoyer-et-structurer-ses-donnees\/\/},\n    journal = {R-atique: Analyse de donn\u00e9es avec R},\n    author = {Vaudor, Lise},\n    year = {2016}\n}\n\n@misc{vaudor_comprendre_2017,\n    title = {Comprendre le th\u00e9or\u00e8me de {Bayes}},\n    url = {http:\/\/perso.ens-lyon.fr\/lise.vaudor\/comprendre-le-theoreme-de-bayes\/\/},\n    journal = {R-atique: Analyse de donn\u00e9es avec R},\n    author = {Vaudor, Lise},\n    year = {2017}\n}\n\n@misc{vaudor_classification_2016,\n    title = {Classification ascendante hi\u00e9rarchique},\n    url = {http:\/\/perso.ens-lyon.fr\/lise.vaudor\/classification-ascendante-hierarchique\/\/},\n    journal = {R-atique: Analyse de donn\u00e9es avec R},\n    author = {Vaudor, Lise},\n    year = {2016}\n}\n\n@misc{vaudor_torturer_2017,\n    title = {Torturer ses donn\u00e9es pour les faire parler, c'est mal! ({Oui}, mais pourquoi?)},\n    url = {http:\/\/perso.ens-lyon.fr\/lise.vaudor\/torturer-ses-donnees-pour-les-faire-parler-cest-mal-oui-mais-pourquoi\/\/},\n    journal = {R-atique: Analyse de donn\u00e9es avec R},\n    author = {Vaudor, Lise},\n    year = {2017}\n}\n\n@misc{vaudor_comment_2017,\n    title = {Comment utiliser un mod\u00e8le bay\u00e9sien (pour les nuls)},\n    url = {http:\/\/perso.ens-lyon.fr\/lise.vaudor\/comment-utiliser-un-modele-bayesien-pour-les-nuls\/\/},\n    journal = {R-atique: Analyse de donn\u00e9es avec R},\n    author = {Vaudor, Lise},\n    year = {2017}\n}\n\n@misc{vaudor_par_2017,\n    title = {Par ici les jolies cartes avec ggmap},\n    url = {http:\/\/perso.ens-lyon.fr\/lise.vaudor\/par-ici-les-jolies-cartes-avec-ggmap\/},\n    journal = {R-atique: Analyse de donn\u00e9es avec R},\n    author = {Vaudor, Lise},\n    year = {2017}\n}\n\n@misc{vaudor_dplyr:_2017,\n    title = {dplyr: package magique pour manipuler ses tableaux de donn\u00e9es},\n    url = {http:\/\/perso.ens-lyon.fr\/lise.vaudor\/dplyr\/},\n    journal = {R-atique: Analyse de donn\u00e9es avec R},\n    author = {Vaudor, Lise},\n    year = {2017}\n}\n<\/code><\/pre>\n","protected":false},"excerpt":{"rendered":"<p>Si ce blog ou un de ses billets vous \u00e9taient utiles, n&rsquo;h\u00e9sitez surtout pas \u00e0 m&rsquo;encourager \u00e0 poursuivre mon travail en le citant ;-). Voici comment proc\u00e9der: En style \u00ab\u00a0Auteur-Date\u00a0\u00bb Voil\u00e0 ce que cela donnerait en style Auteur-Date (\u00e0 votre charge de renseigner l&rsquo;ann\u00e9e, le titre et l&rsquo;URL en fonction du billet qui vous int\u00e9resse&#8230;): Vaudor, Lise. ANNEE. \u201cTITRE\u201d R-atique: Analyse de Donn\u00e9es Avec R. http:\/\/perso.ens-lyon.fr\/lise.vaudor\/URL. En format BibTeX En.. <a href=\"https:\/\/perso.ens-lyon.fr\/lise.vaudor\/how-to-cite\/\">Read More<\/a><\/p>\n","protected":false},"author":1,"featured_media":0,"parent":0,"menu_order":0,"comment_status":"closed","ping_status":"closed","template":"","meta":{"footnotes":""},"class_list":["post-736","page","type-page","status-publish","hentry"],"_links":{"self":[{"href":"https:\/\/perso.ens-lyon.fr\/lise.vaudor\/wp-json\/wp\/v2\/pages\/736","targetHints":{"allow":["GET"]}}],"collection":[{"href":"https:\/\/perso.ens-lyon.fr\/lise.vaudor\/wp-json\/wp\/v2\/pages"}],"about":[{"href":"https:\/\/perso.ens-lyon.fr\/lise.vaudor\/wp-json\/wp\/v2\/types\/page"}],"author":[{"embeddable":true,"href":"https:\/\/perso.ens-lyon.fr\/lise.vaudor\/wp-json\/wp\/v2\/users\/1"}],"replies":[{"embeddable":true,"href":"https:\/\/perso.ens-lyon.fr\/lise.vaudor\/wp-json\/wp\/v2\/comments?post=736"}],"version-history":[{"count":12,"href":"https:\/\/perso.ens-lyon.fr\/lise.vaudor\/wp-json\/wp\/v2\/pages\/736\/revisions"}],"predecessor-version":[{"id":748,"href":"https:\/\/perso.ens-lyon.fr\/lise.vaudor\/wp-json\/wp\/v2\/pages\/736\/revisions\/748"}],"wp:attachment":[{"href":"https:\/\/perso.ens-lyon.fr\/lise.vaudor\/wp-json\/wp\/v2\/media?parent=736"}],"curies":[{"name":"wp","href":"https:\/\/api.w.org\/{rel}","templated":true}]}}