{"id":943,"date":"2018-07-09T17:18:19","date_gmt":"2018-07-09T15:18:19","guid":{"rendered":"http:\/\/perso.ens-lyon.fr\/lise.vaudor\/?page_id=943"},"modified":"2018-11-27T15:28:07","modified_gmt":"2018-11-27T14:28:07","slug":"tuto-ondelettes","status":"publish","type":"page","link":"https:\/\/perso.ens-lyon.fr\/lise.vaudor\/tuto-ondelettes\/","title":{"rendered":"Tuto Ondelettes"},"content":{"rendered":"<h1>L&rsquo;appli Wavelet ToolKat<\/h1>\n<p>L&rsquo;appli <strong>Wavelet ToolKat<\/strong> est utilisable en ligne <a href=\"https:\/\/analytics.huma-num.fr\/Lise.Vaudor\/waveleT\/\">ici<\/a><\/p>\n<p>Le <strong>TD associ\u00e9<\/strong> peut \u00eatre consult\u00e9 <a href=\"https:\/\/perso.ens-lyon.fr\/lise.vaudor\/tutos\/tuto_ondelettes\/cours_ondelettes\/formation_ondelettes_doc_formation.pdf\">ici<\/a><\/p>\n<h1>Les supports de vulgarisation<\/h1>\n<p>Explications illustr\u00e9es des principes math\u00e9matiques <strong>transform\u00e9es en ondelettes continues<\/strong> (CWT) <a href=\"http:\/\/perso.ens-lyon.fr\/lise.vaudor\/tutos\/tuto_ondelettes\/cours_ondelettes\/CWT_Intro.html\">ici<\/a><\/p>\n<p>Cours d\u00e9taill\u00e9 sur les <strong>transform\u00e9es en ondelettes discr\u00e8tes<\/strong> (DWT, MODWT) <a href=\"https:\/\/perso.ens-lyon.fr\/lise.vaudor\/tutos\/tuto_ondelettes\/cours_ondelettes\/tuto_DWT_MODWT_avec_R.pdf\">ici<\/a> et une courte illustration <strong>anim\u00e9e<\/strong> de l&rsquo;effet de ces transform\u00e9es <a href=\"http:\/\/perso.ens-lyon.fr\/lise.vaudor\/tutos\/tuto_ondelettes\/cours_ondelettes\/DWT_Intro.html\">ici<\/a><\/p>\n<h1>Communications<\/h1>\n<p>Les communications suivantes comprennent des <strong>exemples d&rsquo;application des transform\u00e9es d&rsquo;ondelettes<\/strong> (les figures pr\u00e9sentant des transform\u00e9es d&rsquo;ondelettes sont issues de l&rsquo;appli Wavelet ToolKat):<\/p>\n<p><a href=\"http:\/\/perso.ens-lyon.fr\/lise.vaudor\/tutos\/tuto_ondelettes\/communications_ondelettes\/ondelettes_pour_series_temporelles.pptx\">Exemples<\/a> autour de donn\u00e9es <strong>sociales<\/strong>, de donn\u00e9es <strong>climatiques<\/strong>, de donn\u00e9es <strong>m\u00e9t\u00e9orologiques<\/strong> (communication pour le s\u00e9minaire \u00ab\u00a0s\u00e9ries temporelles\u00a0\u00bb des Ateliers 5 et 8 de l&rsquo;UMR 5600, avril 2016)<\/p>\n<p><a href=\"http:\/\/perso.ens-lyon.fr\/lise.vaudor\/tutos\/tuto_ondelettes\/communications_ondelettes\/Presentation_WaveleT_Semin-R.pptx\">Exemples<\/a> autour de donn\u00e9es <strong>climatiques<\/strong>, <strong>m\u00e9t\u00e9orologiques<\/strong>, <strong>g\u00e9omorphologiques<\/strong> (communication pour le Semin&rsquo;R organis\u00e9 par le MNHN, juin 2016)<\/p>\n<p><a href=\"http:\/\/perso.ens-lyon.fr\/lise.vaudor\/tutos\/tuto_ondelettes\/communications_ondelettes\/Vaudor_et_al_WaveletToolKat_EGU_2016.pptx\">Exemples<\/a> autour de donn\u00e9es <strong>g\u00e9omorphologiques<\/strong> (courbure et largeur de la rivi\u00e8re Purus) (communication pour l&rsquo;EGU, avril 2016)<\/p>\n","protected":false},"excerpt":{"rendered":"<p>L&rsquo;appli Wavelet ToolKat L&rsquo;appli Wavelet ToolKat est utilisable en ligne ici Le TD associ\u00e9 peut \u00eatre consult\u00e9 ici Les supports de vulgarisation Explications illustr\u00e9es des principes math\u00e9matiques transform\u00e9es en ondelettes continues (CWT) ici Cours d\u00e9taill\u00e9 sur les transform\u00e9es en ondelettes discr\u00e8tes (DWT, MODWT) ici et une courte illustration anim\u00e9e de l&rsquo;effet de ces transform\u00e9es ici Communications Les communications suivantes comprennent des exemples d&rsquo;application des transform\u00e9es d&rsquo;ondelettes (les figures pr\u00e9sentant des.. <a href=\"https:\/\/perso.ens-lyon.fr\/lise.vaudor\/tuto-ondelettes\/\">Read More<\/a><\/p>\n","protected":false},"author":1,"featured_media":0,"parent":0,"menu_order":0,"comment_status":"closed","ping_status":"closed","template":"","meta":{"footnotes":""},"class_list":["post-943","page","type-page","status-publish","hentry"],"_links":{"self":[{"href":"https:\/\/perso.ens-lyon.fr\/lise.vaudor\/wp-json\/wp\/v2\/pages\/943","targetHints":{"allow":["GET"]}}],"collection":[{"href":"https:\/\/perso.ens-lyon.fr\/lise.vaudor\/wp-json\/wp\/v2\/pages"}],"about":[{"href":"https:\/\/perso.ens-lyon.fr\/lise.vaudor\/wp-json\/wp\/v2\/types\/page"}],"author":[{"embeddable":true,"href":"https:\/\/perso.ens-lyon.fr\/lise.vaudor\/wp-json\/wp\/v2\/users\/1"}],"replies":[{"embeddable":true,"href":"https:\/\/perso.ens-lyon.fr\/lise.vaudor\/wp-json\/wp\/v2\/comments?post=943"}],"version-history":[{"count":5,"href":"https:\/\/perso.ens-lyon.fr\/lise.vaudor\/wp-json\/wp\/v2\/pages\/943\/revisions"}],"predecessor-version":[{"id":1051,"href":"https:\/\/perso.ens-lyon.fr\/lise.vaudor\/wp-json\/wp\/v2\/pages\/943\/revisions\/1051"}],"wp:attachment":[{"href":"https:\/\/perso.ens-lyon.fr\/lise.vaudor\/wp-json\/wp\/v2\/media?parent=943"}],"curies":[{"name":"wp","href":"https:\/\/api.w.org\/{rel}","templated":true}]}}