{"id":44,"date":"2013-07-14T16:08:47","date_gmt":"2013-07-14T16:08:47","guid":{"rendered":"http:\/\/people.irisa.fr\/Remi.Gribonval\/?page_id=44"},"modified":"2016-11-23T17:41:23","modified_gmt":"2016-11-23T17:41:23","slug":"talks-and-tutorials","status":"publish","type":"page","link":"https:\/\/perso.ens-lyon.fr\/remi.gribonval\/talks-and-tutorials\/","title":{"rendered":"Teaching, tutorials, and selected talks"},"content":{"rendered":"<p>&nbsp;<\/p>\n<div>\n<h1>RECENT <a href=\"http:\/\/people.irisa.fr\/Remi.Gribonval\/category\/talk\/\">INVITED TALKS<\/a><\/h1>\n<h1>TALKS WITH <a href=\"http:\/\/people.irisa.fr\/Remi.Gribonval\/category\/video\">VIDEOS<\/a><\/h1>\n<h1>SELECTED TALKS BY THEME<\/h1>\n<ul>\n<li>\n<h1>Co-sparsity<\/h1>\n<ul>\n<li>Plenary lecture, <a href=\"http:\/\/ecos.maths.ed.ac.uk\/SPARS11\/\" target=\"_self\">SPARS11<\/a>, June 2011, <a href=\"http:\/\/www.irisa.fr\/metiss\/gribonval\/Talks\/SPARS11-plenary-gribonval.pdf\" target=\"_self\">Sparsity &amp; Co. An Overview of Analysis vs Synthesis in Low-Dimensional Signal Models<\/a>.<\/li>\n<\/ul>\n<\/li>\n<li>\n<h1>Sparsity and inverse problems<\/h1>\n<ul>\n<li><a href=\"http:\/\/porquerolles10.ens-lyon.fr\/\" target=\"_self\">Summer school on Inverse Problems in Signal Processing<\/a>, Porquerolles, France, May 2010\n<ul>\n<li><a href=\"http:\/\/www.irisa.fr\/metiss\/gribonval\/Teaching\/Porquerolles2010\/CoursA-Overview.pdf\" target=\"_self\">Lecture 1: Overview<\/a> ; <a href=\"http:\/\/www.irisa.fr\/metiss\/gribonval\/Teaching\/Porquerolles2010\/CoursB-PursuitAlgorithms.pdf\" target=\"_self\">Lecture 2: Pursuit Algorithms &amp; Exact Recovery with L1 minimization<\/a>;<a href=\"http:\/\/www.irisa.fr\/metiss\/gribonval\/Teaching\/Porquerolles2010\/CoursC-DictionariesAndSensing.pdf\" target=\"_self\">Lecture 3: Practical recovery conditions &#8211; Deterministic vs Random dictionaries.<\/a><\/li>\n<\/ul>\n<\/li>\n<li>3 Lectures on Sparsity and Inverse Problems, INRIA, Rennes, April 2010\n<ul>\n<li><a href=\"http:\/\/www.irisa.fr\/metiss\/gribonval\/Teaching\/CoursA-Overview.pdf\" target=\"_self\">Lecture 1: Overview<\/a> ; <a href=\"http:\/\/www.irisa.fr\/metiss\/gribonval\/Teaching\/CoursB-PursuitAlgorithms.pdf\" target=\"_self\">Lecture 2: Pursuit Algorithms &amp; Exact Recovery with L1 minimization<\/a>;<a href=\"http:\/\/www.irisa.fr\/metiss\/gribonval\/Teaching\/CoursC-DictionariesAndSensing.pdf\" target=\"_self\">Lecture 3: Practical recovery conditions &#8211; Deterministic vs Random dictionaries.<br \/>\n<\/a><\/li>\n<\/ul>\n<\/li>\n<li><a href=\"http:\/\/peyresq09.ens-lyon.fr\/\" target=\"_self\">Summer school on Inverse Problems in Signal Processing<\/a>, Peyresq, France, July 2009. Inverse problems and sparsity\n<ul>\n<li><a href=\"http:\/\/peyresq09.ens-lyon.fr\/documents\/Gribonval_Cours1-Overview.pdf\">Cours 1: Overview<\/a>, <a href=\"http:\/\/peyresq09.ens-lyon.fr\/documents\/Gribonval_Cours2-PursuitAlgorithms.pdf\">Cours 2: Pursuit Algorithms<\/a>, <a href=\"http:\/\/peyresq09.ens-lyon.fr\/documents\/Gribonval_Cours3-Recovery.pdf\">Cours 3: Recovery<\/a>, <a href=\"http:\/\/peyresq09.ens-lyon.fr\/documents\/Gribonval_Cours4-CompSensing.pdf\">Cours 4: Compressed Sensing<\/a>.<\/li>\n<\/ul>\n<\/li>\n<li>Plenary lecture, Cambridge Workshop on Sparsity in Large-scale inverse problems, December 2008, <i><a href=\"http:\/\/www.irisa.fr\/metiss\/gribonval\/Talks\/GribonvalWorkshopSparsityInversePbCambridgeDec2008.pdf\">Some stories about Lp-minimization, the Restricted Isometry Property, and excessive pessimism<\/a><\/i><\/li>\n<\/ul>\n<\/li>\n<\/ul>\n<h1>COURSES AT THE MASTER LEVEL<\/h1>\n<p><b>Master M2RI, Universit\u00e9 de Rennes I<\/b>, Module ARD (Acquisition et Repr\u00e9sentation de Donn\u00e9es), Partie \u201cTraitements et Transformations\u201d (R. Gribonval)<\/p>\n<ul>\n<li><a href=\"http:\/\/www.irisa.fr\/metiss\/gribonval\/Teaching\/ARD-2013\/CoursM2RI-1.pdf\">Cours 1<\/a>, Introduction, Convolution et Filtrage, D\u00e9convolution, Transform\u00e9e de Fourier 1D,<\/li>\n<li><a href=\"http:\/\/www.irisa.fr\/metiss\/gribonval\/Teaching\/ARD-2013\/CoursM2RI-2.pdf\">Cours 2<\/a>, Conversion analogique &lt;-&gt; num\u00e9rique; Algorithme de Convolution Rapide et FFT<\/li>\n<li><a href=\"http:\/\/www.irisa.fr\/metiss\/gribonval\/Teaching\/ARD-2013\/CoursM2RI-3.pdf\">Cours 3<\/a>, Transform\u00e9e de Fourier \u00e0 Court Terme, principe d\u2019incertitude de Heisenberg, r\u00f4le de la fen\u00eatre d\u2019analyse, application au d\u00e9bruitage<\/li>\n<li><a href=\"http:\/\/www.irisa.fr\/metiss\/gribonval\/Teaching\/ARD-2013\/CoursM2RI-4.pdf\">Cours 4<\/a>, Transform\u00e9e de Fourier 2D, Repr\u00e9sentations pyramidales, Transform\u00e9es en ondelettes 1D et 2D, Applications en d\u00e9bruitage et Inpainting; Principe des d\u00e9composition parcimonieuses et dictionnaires redondants, Algorithmes de poursuite, Application aux d\u00e9compositions multicouches, \u00e0 l\u2019inpainting, \u00e0 l\u2019\u00e9chantillonnage compress\u00e9.<\/li>\n<\/ul>\n<p><b>Master SISEA, Universit\u00e9 de Rennes I<\/b>, Module Repr\u00e9sentations Parcimonieuses<\/p>\n<ul>\n<li><a href=\"http:\/\/www.irisa.fr\/metiss\/gribonval\/Teaching\/SISEA-2013\/CoursSISEA-1.pdf\">Cours 1<\/a>, Notion de parcimonie pour la compression,\u00a0 de probl\u00e8me inverse, connections.<\/li>\n<li><a href=\"http:\/\/www.irisa.fr\/metiss\/gribonval\/Teaching\/SISEA-2013\/CoursSISEA-2.pdf\">Cours 2<\/a>, Algorithmes gloutons pour l&#8217;approximation parcimonieuse<\/li>\n<li><a href=\"http:\/\/www.irisa.fr\/metiss\/gribonval\/Teaching\/SISEA-2013\/CoursSISEA-3.pdf\">Cours 3<\/a>, Optimisation convexe pour l&#8217;approximation parcimonieuse (principes)<\/li>\n<li><a href=\"http:\/\/www.irisa.fr\/metiss\/gribonval\/Teaching\/SISEA-2013\/CoursSISEA-4.pdf\">Cours 4<\/a>, Optimisation convexe pour l&#8217;approximation parcimonieuse (algorithmes)<\/li>\n<li><a href=\"http:\/\/www.irisa.fr\/metiss\/gribonval\/Teaching\/SISEA-2013\/CoursSISEA-5.pdf\">Cours 5<\/a>, Caract\u00e8re bien pos\u00e9 (rang de Kruskal, spark).<\/li>\n<li><a href=\"http:\/\/www.irisa.fr\/metiss\/gribonval\/Teaching\/SISEA-2013\/CoursSISEA-6.pdf\">Cours 6<\/a>, Garanties de succ\u00e8s (coh\u00e9rence, RIP)<\/li>\n<\/ul>\n<p>&nbsp;<\/p>\n<p><strong>ENSAI, Rennes, Cours OPFR<\/strong><\/p>\n<ul>\n<li>&#8220;Probl\u00e8mes Inverses et Parcimonie&#8221;, ENSAI, Rennes, France, F\u00e9vrier-Mars 2011\n<ul>\n<li><a href=\"http:\/\/www.irisa.fr\/metiss\/gribonval\/Teaching\/ENSAI-2011\/CoursA-Overview.pdf\" target=\"_self\">Lecture 1: Overview<\/a> ;<\/li>\n<\/ul>\n<\/li>\n<\/ul>\n<\/div>\n","protected":false},"excerpt":{"rendered":"<p>&nbsp; RECENT INVITED TALKS TALKS WITH VIDEOS SELECTED TALKS BY THEME Co-sparsity Plenary lecture, SPARS11, June 2011, Sparsity &amp; Co. An Overview of Analysis vs Synthesis in Low-Dimensional Signal Models. Sparsity and inverse problems Summer school on Inverse Problems in Signal Processing, Porquerolles, France, May 2010 Lecture 1: Overview ; Lecture 2: Pursuit Algorithms &amp; &hellip; <\/p>\n<p><a class=\"more-link btn\" href=\"https:\/\/perso.ens-lyon.fr\/remi.gribonval\/talks-and-tutorials\/\">Continue reading<\/a><\/p>\n","protected":false},"author":1,"featured_media":0,"parent":0,"menu_order":0,"comment_status":"closed","ping_status":"closed","template":"","meta":{"footnotes":""},"class_list":["post-44","page","type-page","status-publish","hentry","nodate","item-wrap"],"_links":{"self":[{"href":"https:\/\/perso.ens-lyon.fr\/remi.gribonval\/wp-json\/wp\/v2\/pages\/44","targetHints":{"allow":["GET"]}}],"collection":[{"href":"https:\/\/perso.ens-lyon.fr\/remi.gribonval\/wp-json\/wp\/v2\/pages"}],"about":[{"href":"https:\/\/perso.ens-lyon.fr\/remi.gribonval\/wp-json\/wp\/v2\/types\/page"}],"author":[{"embeddable":true,"href":"https:\/\/perso.ens-lyon.fr\/remi.gribonval\/wp-json\/wp\/v2\/users\/1"}],"replies":[{"embeddable":true,"href":"https:\/\/perso.ens-lyon.fr\/remi.gribonval\/wp-json\/wp\/v2\/comments?post=44"}],"version-history":[{"count":16,"href":"https:\/\/perso.ens-lyon.fr\/remi.gribonval\/wp-json\/wp\/v2\/pages\/44\/revisions"}],"predecessor-version":[{"id":347,"href":"https:\/\/perso.ens-lyon.fr\/remi.gribonval\/wp-json\/wp\/v2\/pages\/44\/revisions\/347"}],"wp:attachment":[{"href":"https:\/\/perso.ens-lyon.fr\/remi.gribonval\/wp-json\/wp\/v2\/media?parent=44"}],"curies":[{"name":"wp","href":"https:\/\/api.w.org\/{rel}","templated":true}]}}