{"id":8,"date":"2017-12-19T11:02:16","date_gmt":"2017-12-19T10:02:16","guid":{"rendered":"http:\/\/perso.ens-lyon.fr\/sara.franceschelli\/?page_id=8"},"modified":"2024-02-23T11:26:04","modified_gmt":"2024-02-23T10:26:04","slug":"a-propos-de","status":"publish","type":"page","link":"https:\/\/perso.ens-lyon.fr\/sara.franceschelli\/a-propos-de\/","title":{"rendered":"Recherche \/ Research"},"content":{"rendered":"<header class=\"entry-header\"><\/header>\n<div class=\"entry-content\">\n<h1 class=\"entry-title\"><strong style=\"font-size: 16px;\"><img loading=\"lazy\" decoding=\"async\" class=\"alignnone wp-image-124 alignright\" src=\"http:\/\/perso.ens-lyon.fr\/sara.franceschelli\/wp-content\/uploads\/2023\/05\/moon-300x225.jpg\" alt=\"\" width=\"181\" height=\"136\" srcset=\"https:\/\/perso.ens-lyon.fr\/sara.franceschelli\/wp-content\/uploads\/2023\/05\/moon-300x225.jpg 300w, https:\/\/perso.ens-lyon.fr\/sara.franceschelli\/wp-content\/uploads\/2023\/05\/moon-768x576.jpg 768w, https:\/\/perso.ens-lyon.fr\/sara.franceschelli\/wp-content\/uploads\/2023\/05\/moon-1024x768.jpg 1024w\" sizes=\"auto, (max-width: 181px) 100vw, 181px\" \/><\/strong><\/h1>\n<p><strong>Mon travail \/ <em>My work<\/em><\/strong><\/p>\n<p>Je travaille sur l&rsquo;\u00e9pist\u00e9mologie de la mod\u00e9lisation et de la math\u00e9matisation en termes de syst\u00e8mes dynamiques et complexes \u00e0 l&rsquo;interface de diff\u00e9rentes sciences et pratiques de recherche et de cr\u00e9ation &#8211; <em>I work on the epistemology of modelling and mathematizing at the interfaces between different sciences and\u00a0 research and creation practices<\/em><\/p>\n<h1 class=\"entry-title\"><strong style=\"font-size: 16px;\">Th\u00e8mes de recherche \/\u00a0<em>Research\u00a0themes<\/em><\/strong><\/h1>\n<div class=\"entry-content\">\n<p>Epist\u00e9mologie et histoire des sciences, philosophie des sciences, chaos d\u00e9terministe, syst\u00e8mes dynamiques, syst\u00e8mes complexes, interfaces physique-biologie, mod\u00e8les, simulation, morphologie, morphogen\u00e8se et\u00a0morphodynamiques, Thom, Turing, Waddington, \u00e9quations de r\u00e9action-diffusion et formation de motifs, paysages entre physique et biologie, stabilit\u00e9, robustesse, plasticit\u00e9, design morphog\u00e9n\u00e9tique et performatif, art-science<\/p>\n<p><em>History\u00a0and philosophy of science, epistemology,\u00a0deterministic\u00a0chaos,\u00a0dynamic\u00a0systems,\u00a0complex\u00a0systems, interfaces\u00a0physics-biology, models, simulation, morphology,\u00a0morphogenesis\u00a0and\u00a0morphodynamics,\u00a0Thom, Turing, Waddington, reaction-diffusion equations and pattern formation, landscapes between\u00a0physics\u00a0and\u00a0biology,\u00a0 stability, robustness, plasticity, performative and\u00a0morphogenetic\u00a0design, art-science<\/em><\/p>\n<p>&nbsp;<\/p>\n<\/div>\n<\/div>\n<p>&nbsp;<\/p>\n","protected":false},"excerpt":{"rendered":"<p>Mon travail \/ My work Je travaille sur l&rsquo;\u00e9pist\u00e9mologie de la mod\u00e9lisation et de la math\u00e9matisation en termes de syst\u00e8mes dynamiques et complexes \u00e0 l&rsquo;interface de diff\u00e9rentes sciences et pratiques de recherche et de cr\u00e9ation &#8211; I work on the&#8230;<\/p>\n","protected":false},"author":1,"featured_media":0,"parent":0,"menu_order":1,"comment_status":"closed","ping_status":"closed","template":"","meta":{"footnotes":""},"class_list":["post-8","page","type-page","status-publish","hentry","no-post-thumbnail"],"_links":{"self":[{"href":"https:\/\/perso.ens-lyon.fr\/sara.franceschelli\/wp-json\/wp\/v2\/pages\/8","targetHints":{"allow":["GET"]}}],"collection":[{"href":"https:\/\/perso.ens-lyon.fr\/sara.franceschelli\/wp-json\/wp\/v2\/pages"}],"about":[{"href":"https:\/\/perso.ens-lyon.fr\/sara.franceschelli\/wp-json\/wp\/v2\/types\/page"}],"author":[{"embeddable":true,"href":"https:\/\/perso.ens-lyon.fr\/sara.franceschelli\/wp-json\/wp\/v2\/users\/1"}],"replies":[{"embeddable":true,"href":"https:\/\/perso.ens-lyon.fr\/sara.franceschelli\/wp-json\/wp\/v2\/comments?post=8"}],"version-history":[{"count":21,"href":"https:\/\/perso.ens-lyon.fr\/sara.franceschelli\/wp-json\/wp\/v2\/pages\/8\/revisions"}],"predecessor-version":[{"id":215,"href":"https:\/\/perso.ens-lyon.fr\/sara.franceschelli\/wp-json\/wp\/v2\/pages\/8\/revisions\/215"}],"wp:attachment":[{"href":"https:\/\/perso.ens-lyon.fr\/sara.franceschelli\/wp-json\/wp\/v2\/media?parent=8"}],"curies":[{"name":"wp","href":"https:\/\/api.w.org\/{rel}","templated":true}]}}